2025-04-06 08:49:13.403 T:1677    debug <general>: script.module.slyguy - Opening secure connection on port 443 to 61.88.63.1 ('TLS_AES_256_GCM_SHA384', 'TLSv1.3', 256)
2025-04-06 08:49:13.418 T:1677    debug <general>: script.module.slyguy - REQUEST TIME: 0.10100913047790527
2025-04-06 08:49:13.418 T:1677    debug <general>: script.module.slyguy - RESPONSE IN: https://linear-a-bla.epyc.optusvideo.tv/v8/OSG11/dash-plain/dash.mpd (200)
2025-04-06 08:49:13.418 T:1677    debug <general>: script.module.slyguy - MIDDLEWARE: plugin
2025-04-06 08:49:13.419 T:1677    debug <general>: CScriptRunner: running add-on script Optus Sport('plugin://plugin.video.optus.sport/', '15', '?_=mpd_request&_path=special%3A%2F%2Ftemp%2Fproxy.middleware&url=https%3A%2F%2Flinear-a-bla.epyc.optusvideo.tv%2Fv8%2FOSG11%2Fdash-plain%2Fdash.mpd')
2025-04-06 08:49:13.419 T:1677    debug <general>: GetLanguageInvoker - Reusing LanguageInvokerThread 32 for script /storage/.kodi/addons/plugin.video.optus.sport/default.py
2025-04-06 08:49:13.419 T:1670    debug <general>: initializing python engine.
2025-04-06 08:49:13.419 T:1670    debug <general>: CPythonInvoker(32, /storage/.kodi/addons/plugin.video.optus.sport/default.py): start processing
2025-04-06 08:49:13.419 T:1670    debug <general>: CPythonInvoker(32): adding args:
2025-04-06 08:49:13.419 T:1670    debug <general>: CPythonInvoker(32):  plugin://plugin.video.optus.sport/
2025-04-06 08:49:13.419 T:1670    debug <general>: CPythonInvoker(32):  15
2025-04-06 08:49:13.419 T:1670    debug <general>: CPythonInvoker(32):  ?_=mpd_request&_path=special%3A%2F%2Ftemp%2Fproxy.middleware&url=https%3A%2F%2Flinear-a-bla.epyc.optusvideo.tv%2Fv8%2FOSG11%2Fdash-plain%2Fdash.mpd
2025-04-06 08:49:13.419 T:1670    debug <general>: CPythonInvoker(32):  resume:false
2025-04-06 08:49:13.419 T:1670    debug <general>: CPythonInvoker(32, /storage/.kodi/addons/plugin.video.optus.sport/default.py): entering source directory /storage/.kodi/addons/plugin.video.optus.sport
2025-04-06 08:49:13.419 T:1670    debug <general>: CPythonInvoker(32, /storage/.kodi/addons/plugin.video.optus.sport/default.py): instantiating addon using automatically obtained id of "plugin.video.optus.sport" dependent on version 0.0.0 of the xbmc.python api
2025-04-06 08:49:13.420 T:1670    debug <general>: plugin.video.optus.sport - SIGNAL: before_dispatch
2025-04-06 08:49:13.423 T:1670    debug <general>: plugin.video.optus.sport - Router Parsed: 'plugin://plugin.video.optus.sport/?_=mpd_request&_path=special%3A%2F%2Ftemp%2Fproxy.middleware&url=https%3A%2F%2Flinear-a-bla.epyc.optusvideo.tv%2Fv8%2FOSG11%2Fdash-plain%2Fdash.mpd' => mpd_request {'_path': 'special://temp/proxy.middleware', 'url': 'https://linear-a-bla.epyc.optusvideo.tv/v8/OSG11/dash-plain/dash.mpd', '_url': 'plugin://plugin.video.optus.sport/?_=mpd_request&_path=special%3A%2F%2Ftemp%2Fproxy.middleware&url=https%3A%2F%2Flinear-a-bla.epyc.optusvideo.tv%2Fv8%2FOSG11%2Fdash-plain%2Fdash.mpd'}
2025-04-06 08:49:13.425 T:1670    debug <general>: plugin.video.optus.sport - SIGNAL: after_dispatch
2025-04-06 08:49:13.425 T:1670    debug <general>: plugin.video.optus.sport - SIGNAL: on_close
2025-04-06 08:49:13.425 T:1670    debug <general>: CPythonInvoker(32, /storage/.kodi/addons/plugin.video.optus.sport/default.py): script successfully run
2025-04-06 08:49:13.427 T:1183    debug <general>: CGLContextEGL::SwapBuffers: sync check blocking
2025-04-06 08:49:13.443 T:1183    debug <general>: CGLContextEGL::SwapBuffers: sync sleep: 15854
2025-04-06 08:49:13.444 T:1183    debug <general>: ------ Window Init (DialogSelect.xml) ------
2025-04-06 08:49:14.244 T:1218    error <general>: EXCEPTION: Unknown addon id 'pvr.iptvsimple'.
2025-04-06 08:49:16.260 T:1183     info <general>: Skipped 2 duplicate messages..
2025-04-06 08:49:16.260 T:1183    debug <general>: Keyboard: scancode: 0x68, sym: 0x10f (kpenter), unicode: 0x0d, modifier: 0x0
2025-04-06 08:49:16.510 T:1183    debug <general>: Keyboard: scancode: 0x68, sym: 0x10f (kpenter), unicode: 0x00, modifier: 0x0
2025-04-06 08:49:16.510 T:1183    debug <general>: HandleKey: enter (0xf065) pressed, window 12000, action is Select
2025-04-06 08:49:16.762 T:1183    debug <general>: ------ Window Deinit (DialogSelect.xml) ------
2025-04-06 08:49:16.777 T:1677    debug <general>: script.module.slyguy - Selected quality "Best": 3.3439130783081055s
2025-04-06 08:49:16.779 T:1677    debug <general>: script.module.slyguy - Parse Dash: 0.009419441223144531s
2025-04-06 08:49:16.780 T:1677    debug <general>: script.module.slyguy - RESPONSE OUT: https://linear-a-bla.epyc.optusvideo.tv/v8/OSG11/dash-plain/dash.mpd (200)
2025-04-06 08:49:16.780 T:1675    debug <general>: AddOnLog: inputstream.adaptive: Download finished: http://127.0.0.1:8095/https://linear-a-bla.epyc.optusvideo.tv/v8/OSG11/dash-plain/dash.mpd|User-Agent=Mozilla/5.0%20%28Linux%3B%20Android%2011%3B%20SHIELD%20Android%20TV%20Build/PPR1.180610.011%29%20AppleWebKit/537.36%20%28KHTML%2C%20like%20Gecko%29%20Chrome/66.0.3359.158%20Mobile%20Safari/537.36&Origin=https%3A//sport.optus.com.au&Referer=https%3A//sport.optus.com.au&x-axdrm-message=eyJhbGciOiJIUzI1NiIsInR5cCI6IkpXVCJ9.eyJ2ZXJzaW9uIjoxLCJjb21fa2V5X2lkIjoiM0NEMkY3QjEtQzNBOC00MjJBLTk0OTctQTdCNzAwN0Q3RkI1IiwibWVzc2FnZSI6eyJjb250ZW50X2tleV91c2FnZV9wb2xpY2llcyI6W3sibmFtZSI6IlJlcXVpcmUgTDEiLCJ3aWRldmluZSI6eyJkZXZpY2Vfc2VjdXJpdHlfbGV2ZWwiOiJIV19TRUNVUkVfREVDT0RFIn0sInBsYXlyZWFkeSI6eyJtaW5fZGV2aWNlX3NlY3VyaXR5X2xldmVsIjozMDAwfX0seyJuYW1lIjoiUmVxdWlyZSBMMyIsIndpZGV2aW5lIjp7ImRldmljZV9zZWN1cml0eV9sZXZlbCI6IlNXX1NFQ1VSRV9DUllQVE8ifSwicGxheXJlYWR5Ijp7Im1pbl9kZXZpY2Vfc2VjdXJpdHlfbGV2ZWwiOjIwMDB9fV0sImxpY2Vuc2UiOnsid2lkZXZpbmUiOnsiaW5jbHVkZV9hbGxfZW50aXRsZWRfa2V5cyI6dHJ1ZX19LCJ0eXBlIjoiZW50aXRsZW1lbnRfbWVzc2FnZSIsImNvbnRlbnRfa2V5c19zb3VyY2UiOnsiaW5saW5lIjpbeyJ1c2FnZV9wb2xpY3kiOiJSZXF1aXJlIEwzIiwiaWQiOiJlZWE0Mjg2ZS1iZWExLTM3ZDAtYWI4NC1kODMyZDkyYzdhYzcifV19LCJ2ZXJzaW9uIjoyfSwiZXhwaXJhdGlvbl9kYXRlIjoiMjAyNS0wNC0wNlQwMDo0OToxMC44ODBaIiwidXNlcklkIjoiZTYwNTIwYzctYmViZi00OGU0LThkNTItNzU3OTdjMzQxODcyIn0.0a_btzVZ_D14tGuy93v9DrDFCv2K359WEw6Vc-mFfUs (downloaded 12554 byte, speed 3620.00 byte/s)
2025-04-06 08:49:16.803 T:1675    debug <general>: AddOnLog: inputstream.adaptive: Parsing Playready header version 4.0.0.0
2025-04-06 08:49:16.804 T:1675     info <general>: Skipped 3 duplicate messages..
2025-04-06 08:49:16.804 T:1675     info <general>: AddOnLog: inputstream.adaptive: Manifest successfully parsed (Periods: 2, Streams in first period: 2, Type: live)
2025-04-06 08:49:16.804 T:1675    debug <general>: AddOnLog: inputstream.adaptive: [Repr. chooser] Stream selection conditions
                                                   Screen resolution: 1920x1080 (may be limited by settings)
                                                   Initial bandwidth: 1209445 bit/s
2025-04-06 08:49:16.804 T:1675    debug <general>: AddOnLog: inputstream.adaptive: New period, dispose sample decrypter and reinitialize
2025-04-06 08:49:16.804 T:1675    debug <general>: AddOnLog: inputstream.adaptive: Entering encryption section
2025-04-06 08:49:16.805 T:1675    debug <general>: AddOnLog: inputstream.adaptive: Initialize: CDM version: 4.10.2830.0
2025-04-06 08:49:16.805 T:1675    debug <general>: AddOnLog: inputstream.adaptive: OnInitialized: CDM is initialized: true
2025-04-06 08:49:16.805 T:1675    debug <general>: AddOnLog: inputstream.adaptive: Initializing stream with KID: eea4286ebea137d0ab84d832d92c7ac7
2025-04-06 08:49:16.924 T:1675    debug <general>: AddOnLog: inputstream.adaptive: CDMMessage: 1 arrived!
2025-04-06 08:49:16.924 T:1675    debug <general>: AddOnLog: inputstream.adaptive: SetSession: Opened widevine session ID: BEDFAA35CF3B21B2923267B87E263593
2025-04-06 08:49:16.925 T:1675    debug <general>: CurlFile::Open - <http://127.0.0.1:8095/https://93e30b04-drm-widevine-licensing.axprod.net/AcquireLicense>
2025-04-06 08:49:16.926 T:1680    debug <general>: script.module.slyguy - REQUEST IN: https://93e30b04-drm-widevine-licensing.axprod.net/AcquireLicense (POST)
2025-04-06 08:49:16.926 T:1680    debug <general>: script.module.slyguy - REQUEST OUT: https://93e30b04-drm-widevine-licensing.axprod.net/AcquireLicense (POST)
2025-04-06 08:49:16.969 T:1680    debug <general>: script.module.slyguy - DNS Resolve: 93e30b04-drm-widevine-licensing.axprod.net -> system dns -> 20.53.165.141 (0.04166s)
2025-04-06 08:49:16.989 T:1680    debug <general>: script.module.slyguy - Opening secure connection on port 443 to 20.53.165.141 ('TLS_AES_256_GCM_SHA384', 'TLSv1.3', 256)
2025-04-06 08:49:16.998 T:1680    debug <general>: script.module.slyguy - REQUEST TIME: 0.07138228416442871
2025-04-06 08:49:16.998 T:1680    debug <general>: script.module.slyguy - RESPONSE IN: https://93e30b04-drm-widevine-licensing.axprod.net/AcquireLicense (200)
2025-04-06 08:49:16.998 T:1680     info <general>: script.module.slyguy - WV License response OK and returned data
2025-04-06 08:49:16.998 T:1680    debug <general>: script.module.slyguy - RESPONSE OUT: https://93e30b04-drm-widevine-licensing.axprod.net/AcquireLicense (200)
2025-04-06 08:49:17.251 T:1218    error <general>: EXCEPTION: Unknown addon id 'pvr.iptvsimple'.
2025-04-06 08:49:17.540 T:1675    debug <general>: AddOnLog: inputstream.adaptive: CDMMessage: 2 arrived!
2025-04-06 08:49:17.541 T:1675    debug <general>: AddOnLog: inputstream.adaptive: OnSessionKeysChange: Sessionkey EEA4286EBEA137D0AB84D832D92C7AC7 status: 0 syscode: 0
2025-04-06 08:49:17.541 T:1675    debug <general>: AddOnLog: inputstream.adaptive: CDMMessage: 3 arrived!
2025-04-06 08:49:17.542 T:1675    debug <general>: AddOnLog: inputstream.adaptive: License update successful
2025-04-06 08:49:17.552 T:1675    debug <general>: AddOnLog: inputstream.adaptive: GetCapabilities: Single decrypt possible
2025-04-06 08:49:17.552 T:1675    debug <general>: AddOnLog: inputstream.adaptive: Initializing stream with KID: eea4286ebea137d0ab84d832d92c7ac7
2025-04-06 08:49:17.552 T:1675    debug <general>: AddOnLog: inputstream.adaptive: GetCapabilities: Single decrypt possible
2025-04-06 08:49:17.552 T:1675    debug <general>: AddOnLog: inputstream.adaptive: Ignore HDCP status is enabled
2025-04-06 08:49:17.552 T:1675    debug <general>: AddOnLog: inputstream.adaptive: [Repr. chooser] Current average bandwidth: 1209445 bit/s (filtered to 1088500 bit/s)
2025-04-06 08:49:17.552 T:1675    debug <general>: AddOnLog: inputstream.adaptive: [Repr. chooser] Selected representation
                                                   ID _720p25avc (Bandwidth: 4600000 bit/s, Resolution: 1280x720)
2025-04-06 08:49:17.552 T:1675    debug <general>: AddOnLog: inputstream.adaptive: Created AdaptiveStream [AS-0] with adaptation set ID: "360569923", stream type: video
2025-04-06 08:49:17.552 T:1675    debug <general>: AddOnLog: inputstream.adaptive: Created AdaptiveStream [AS-1] with adaptation set ID: "1628807692", stream type: audio
2025-04-06 08:49:17.552 T:1675    debug <general>: AddOnLog: inputstream.adaptive: GetCapabilities()
2025-04-06 08:49:17.552 T:1675     info <general>: Creating Demuxer
2025-04-06 08:49:17.552 T:1675    debug <general>: AddOnLog: inputstream.adaptive: GetStreamIds()
2025-04-06 08:49:17.552 T:1675    debug <general>: AddOnLog: inputstream.adaptive: GetStream(2001)
2025-04-06 08:49:17.552 T:1675    debug <general>: AddOnLog: inputstream.adaptive: GetStream(2002)
2025-04-06 08:49:17.552 T:1675    debug <general>: CDVDDemuxClient::RequestStream(): added/updated stream 2001 with codec_id 27
2025-04-06 08:49:17.552 T:1675    debug <general>: CDVDDemuxClient::RequestStream(): added/updated stream 2002 with codec_id 86018
2025-04-06 08:49:17.552 T:1675     info <general>: Opening stream: 2001 source: 256
2025-04-06 08:49:17.552 T:1675    debug <general>: AddOnLog: inputstream.adaptive: OpenStream(2001)
2025-04-06 08:49:17.553 T:1675    debug <general>: CurlFile::Open - <http://127.0.0.1:8095/https://linear-a-bla.epyc.optusvideo.tv/v8/OSG11/dash-plain/segment__720p25avc_454138829_init.mp4>
2025-04-06 08:49:17.553 T:1683    debug <general>: script.module.slyguy - REQUEST IN: https://linear-a-bla.epyc.optusvideo.tv/v8/OSG11/dash-plain/segment__720p25avc_454138829_init.mp4 (GET)
2025-04-06 08:49:17.553 T:1683    debug <general>: script.module.slyguy - REQUEST OUT: https://linear-a-bla.epyc.optusvideo.tv/v8/OSG11/dash-plain/segment__720p25avc_454138829_init.mp4 (GET)
2025-04-06 08:49:17.558 T:1683    debug <general>: script.module.slyguy - REQUEST TIME: 0.004536151885986328
2025-04-06 08:49:17.558 T:1683    debug <general>: script.module.slyguy - RESPONSE IN: https://linear-a-bla.epyc.optusvideo.tv/v8/OSG11/dash-plain/segment__720p25avc_454138829_init.mp4 (200)
2025-04-06 08:49:17.558 T:1683    debug <general>: script.module.slyguy - RESPONSE OUT: https://linear-a-bla.epyc.optusvideo.tv/v8/OSG11/dash-plain/segment__720p25avc_454138829_init.mp4 (200)
2025-04-06 08:49:17.558 T:1675    debug <general>: AddOnLog: inputstream.adaptive: [AS-0] Download finished: http://127.0.0.1:8095/https://linear-a-bla.epyc.optusvideo.tv/v8/OSG11/dash-plain/segment__720p25avc_454138829_init.mp4 (downloaded 1425 byte, speed 254418.00 byte/s)
2025-04-06 08:49:17.573 T:1675    debug <general>: AddOnLog: inputstream.adaptive: UpdateSampleDescription: Codec fourcc: avc1 (1635148593)
2025-04-06 08:49:17.573 T:1675    debug <general>: AddOnLog: inputstream.adaptive: GetStream(2001)
2025-04-06 08:49:17.573 T:1675    debug <general>: CDVDDemuxClient::RequestStream(): added/updated stream 2001 with codec_id 27
2025-04-06 08:49:17.573 T:1675     info <general>: [WHITELIST] Searching the whitelist for: width: 1280, height: 720, fps: 25.000, 3D: false
2025-04-06 08:49:17.573 T:1675    debug <general>: [WHITELIST] Using the default whitelist because the user whitelist is empty
2025-04-06 08:49:17.574 T:1675    debug <general>: [WHITELIST] Searching for an exact resolution with an exact refresh rate
2025-04-06 08:49:17.574 T:1675    debug <general>: [WHITELIST] No match for an exact resolution with an exact refresh rate
2025-04-06 08:49:17.574 T:1675    debug <general>: [WHITELIST] Searching for an exact resolution with double the refresh rate
2025-04-06 08:49:17.574 T:1675    debug <general>: [WHITELIST] No match for an exact resolution with double the refresh rate
2025-04-06 08:49:17.574 T:1675    debug <general>: [WHITELIST] Searching for an exact resolution with a 3:2 pulldown refresh rate
2025-04-06 08:49:17.574 T:1675    debug <general>: [WHITELIST] No match for a resolution with a 3:2 pulldown refresh rate
2025-04-06 08:49:17.574 T:1675    debug <general>: [WHITELIST] Searching for a desktop resolution with an exact refresh rate
2025-04-06 08:49:17.574 T:1675    debug <general>: [WHITELIST] No match for a desktop resolution with an exact refresh rate
2025-04-06 08:49:17.574 T:1675    debug <general>: [WHITELIST] Searching for a desktop resolution with double the refresh rate
2025-04-06 08:49:17.574 T:1675    debug <general>: [WHITELIST] Matched a desktop resolution with double the refresh rate DP3: 1920x1080 @ 50.00Hz (18)
2025-04-06 08:49:17.574 T:1675     info <general>: Display resolution ADJUST : DP3: 1920x1080 @ 50.00Hz (18) (weight: 0.000)
2025-04-06 08:49:17.577 T:1183     info <general>: CWinSystemX11::SetFullScreen - calling xrandr
2025-04-06 08:49:17.578 T:1183    debug <general>: OnLostDevice - notify display change event
2025-04-06 08:49:17.827 T:1183     info <general>: VideoPlayer: OnLostDisplay received
2025-04-06 08:49:17.827 T:1183  warning <general>: CDVDMessageQueue(audio)::Put MSGQ_NOT_INITIALIZED
2025-04-06 08:49:17.827 T:1183  warning <general>: CDVDMessageQueue(video)::Put MSGQ_NOT_INITIALIZED
2025-04-06 08:49:17.827 T:1183    debug <general>: Flush - flushing renderer
2025-04-06 08:49:17.827 T:1183     info <general>: XRANDR: /usr/lib/kodi/kodi-xrandr --screen 0 --output DP3 --mode 0x5fb
2025-04-06 08:49:18.011 T:1183     info <general>: GL: Maximum texture width: 16384
2025-04-06 08:49:18.012 T:1675     info <general>: Creating video codec with codec id: 27
2025-04-06 08:49:18.012 T:1675     info <general>: CDVDVideoCodecFFmpeg::Open() Using codec: H.264 / AVC / MPEG-4 AVC / MPEG-4 part 10
2025-04-06 08:49:18.013 T:1675    debug <general>: CDVDVideoCodecFFmpeg - Updated codec: ff-h264
2025-04-06 08:49:18.013 T:1675    debug <general>: CVideoPlayerVideo::OpenStream - open stream with codec id: 27
2025-04-06 08:49:18.013 T:1675     info <general>: Creating video thread
2025-04-06 08:49:18.013 T:1686    debug <general>: Thread VideoPlayerVideo start, auto delete: false
2025-04-06 08:49:18.013 T:1686     info <general>: running thread: video_thread
2025-04-06 08:49:18.013 T:1686    debug <general>: CVideoPlayerVideo - CDVDMsg::GENERAL_PAUSE: true
2025-04-06 08:49:18.013 T:1675     info <general>: Opening stream: 2002 source: 256
2025-04-06 08:49:18.013 T:1675    debug <general>: AddOnLog: inputstream.adaptive: OpenStream(2002)
2025-04-06 08:49:18.014 T:1675    debug <general>: CurlFile::Open - <http://127.0.0.1:8095/https://linear-a-bla.epyc.optusvideo.tv/v8/OSG11/dash-plain/segment__audio_454138829_init.mp4>
2025-04-06 08:49:18.016 T:1688    debug <general>: script.module.slyguy - REQUEST IN: https://linear-a-bla.epyc.optusvideo.tv/v8/OSG11/dash-plain/segment__audio_454138829_init.mp4 (GET)
2025-04-06 08:49:18.018 T:1183    debug <general>: NotifyXRREvent - notify display reset event
2025-04-06 08:49:18.018 T:1688    debug <general>: script.module.slyguy - REQUEST OUT: https://linear-a-bla.epyc.optusvideo.tv/v8/OSG11/dash-plain/segment__audio_454138829_init.mp4 (GET)
2025-04-06 08:49:18.026 T:1688    debug <general>: script.module.slyguy - REQUEST TIME: 0.007515668869018555
2025-04-06 08:49:18.026 T:1688    debug <general>: script.module.slyguy - RESPONSE IN: https://linear-a-bla.epyc.optusvideo.tv/v8/OSG11/dash-plain/segment__audio_454138829_init.mp4 (200)
2025-04-06 08:49:18.026 T:1688    debug <general>: script.module.slyguy - RESPONSE OUT: https://linear-a-bla.epyc.optusvideo.tv/v8/OSG11/dash-plain/segment__audio_454138829_init.mp4 (200)
2025-04-06 08:49:18.027 T:1675    debug <general>: AddOnLog: inputstream.adaptive: [AS-1] Download finished: http://127.0.0.1:8095/https://linear-a-bla.epyc.optusvideo.tv/v8/OSG11/dash-plain/segment__audio_454138829_init.mp4 (downloaded 1324 byte, speed 105288.00 byte/s)
2025-04-06 08:49:18.027 T:1675    debug <general>: AddOnLog: inputstream.adaptive: UpdateSampleDescription: Codec fourcc: mp4a (1836069985)
2025-04-06 08:49:18.027 T:1675    debug <general>: AddOnLog: inputstream.adaptive: GetStream(2002)
2025-04-06 08:49:18.027 T:1675    debug <general>: CDVDDemuxClient::RequestStream(): added/updated stream 2002 with codec_id 86018
2025-04-06 08:49:18.027 T:1675     info <general>: Finding audio codec for: 86018
2025-04-06 08:49:18.032 T:1183    debug <general>: RecreateWindow - current output: DP3, mode: 0x5fb, refresh: 50.000
2025-04-06 08:49:18.032 T:1183    debug <general>: OnLostDevice - notify display change event
2025-04-06 08:49:18.032 T:1675     info <general>: CDVDAudioCodecFFmpeg::Open() Successful opened audio decoder aac
2025-04-06 08:49:18.032 T:1675     info <general>: OpenStream: Allowing max Out-Of-Sync Value of 50 ms
2025-04-06 08:49:18.032 T:1675     info <general>: Creating audio thread
2025-04-06 08:49:18.032 T:1690    debug <general>: Thread VideoPlayerAudio start, auto delete: false
2025-04-06 08:49:18.032 T:1690     info <general>: running thread: CVideoPlayerAudio::Process()
2025-04-06 08:49:18.032 T:1183     info <general>: VideoPlayer: OnLostDisplay received
2025-04-06 08:49:18.032 T:1183    debug <general>: Flush - flushing renderer
2025-04-06 08:49:18.032 T:1686    debug <general>: CVideoPlayerVideo - CDVDMsg::GENERAL_PAUSE: true
2025-04-06 08:49:18.032 T:1675    debug <general>: CVideoPlayer::SetCaching - caching state 2
2025-04-06 08:49:18.032 T:1675    debug <general>: CDVDClock::SetSpeedAdjust - adjusted:0.000000
2025-04-06 08:49:18.033 T:1183    debug <general>: Window Manager Name: Fluxbox
2025-04-06 08:49:18.042 T:1690    debug <general>: CVideoPlayerAudio - CDVDMsg::GENERAL_PAUSE: true
2025-04-06 08:49:18.042 T:1690     info <general>: Skipped 1 duplicate messages..
2025-04-06 08:49:18.042 T:1690    debug <general>: CDVDAudio::Pause - pausing audio stream
2025-04-06 08:49:18.080 T:1183    debug <general>: CWinSystemX11::RefreshEGLContext: refreshing context
2025-04-06 08:49:18.083 T:1183     info <general>: VideoPlayer: OnResetDisplay received
2025-04-06 08:49:18.083 T:1690    debug <general>: CVideoPlayerAudio - CDVDMsg::GENERAL_PAUSE: false
2025-04-06 08:49:18.083 T:1193    debug <general>: CActiveAE - display reset event
2025-04-06 08:49:18.083 T:1686    debug <general>: CVideoPlayerVideo - CDVDMsg::GENERAL_PAUSE: false
2025-04-06 08:49:18.083 T:1194     info <general>: CActiveAESink::OpenSink - initialize sink
2025-04-06 08:49:18.083 T:1194    debug <general>: CActiveAESink::OpenSink - trying to open device ALSA:hdmi:CARD=PCH,DEV=0
2025-04-06 08:49:18.083 T:1194     info <general>: CAESinkALSA::Initialize - Attempting to open device "hdmi:CARD=PCH,DEV=0"
2025-04-06 08:49:18.085 T:1183     info <general>: GL: Maximum texture width: 16384
2025-04-06 08:49:18.086 T:1194     info <general>: CAESinkALSA::Initialize - Opened device "hdmi:CARD=PCH,DEV=0,AES0=0x04,AES1=0x82,AES2=0x00,AES3=0x00"
2025-04-06 08:49:18.086 T:1194     info <general>: CAESinkALSA::InitializeHW - Your hardware does not support AE_FMT_FLOAT, trying other formats
2025-04-06 08:49:18.086 T:1194     info <general>: CAESinkALSA::InitializeHW - Using data format AE_FMT_S32NE
2025-04-06 08:49:18.086 T:1194    debug <general>: CAESinkALSA::InitializeHW - Request: periodSize 2205, bufferSize 8820
2025-04-06 08:49:18.087 T:1183     info <general>: GL: Enabling VSYNC
2025-04-06 08:49:18.090 T:1194    debug <general>: CAESinkALSA::InitializeHW - Got: periodSize 2205, bufferSize 8820
2025-04-06 08:49:18.090 T:1194    debug <general>: CAESinkALSA::InitializeHW - Setting timeout to 200 ms
2025-04-06 08:49:18.092 T:1194    debug <general>: CAESinkALSA::GetChannelLayout - Input Channel Count: 2 Output Channel Count: 2
2025-04-06 08:49:18.092 T:1194    debug <general>: CAESinkALSA::GetChannelLayout - Requested Layout: FL, FR
2025-04-06 08:49:18.092 T:1194    debug <general>: CAESinkALSA::GetChannelLayout - Got Layout: FL, FR (ALSA: FL FR)
2025-04-06 08:49:18.092 T:1194    debug <general>: CActiveAESink::OpenSink - ALSA Initialized:
2025-04-06 08:49:18.092 T:1194    debug <general>:   Output Device : HDA Intel PCH
2025-04-06 08:49:18.092 T:1194    debug <general>:   Sample Rate   : 44100
2025-04-06 08:49:18.092 T:1194    debug <general>:   Sample Format : AE_FMT_S32NE
2025-04-06 08:49:18.092 T:1194    debug <general>:   Channel Count : 2
2025-04-06 08:49:18.092 T:1194    debug <general>:   Channel Layout: FL, FR
2025-04-06 08:49:18.092 T:1194    debug <general>:   Frames        : 2205
2025-04-06 08:49:18.092 T:1194    debug <general>:   Frame Size    : 8
2025-04-06 08:49:18.093 T:1193    debug <general>: CActiveAE::ClearDiscardedBuffers - buffer pool deleted
2025-04-06 08:49:18.133 T:1675    debug <general>: CVideoPlayer::HandleMessages - player 2 reported state: 0
2025-04-06 08:49:18.133 T:1675    debug <general>: CVideoPlayer::HandleMessages - player 1 reported state: 0
2025-04-06 08:49:18.133 T:1654    debug <general>: OnAVChange: CApplication::OnAVChange
2025-04-06 08:49:18.133 T:1682    debug <general>: CurlFile::Open - <http://127.0.0.1:8095/https://linear-a-bla.epyc.optusvideo.tv/v8/OSG11/dash-plain/segment__720p25avc_454138888.mp4>
2025-04-06 08:49:18.134 T:1691    debug <general>: script.module.slyguy - REQUEST IN: https://linear-a-bla.epyc.optusvideo.tv/v8/OSG11/dash-plain/segment__720p25avc_454138888.mp4 (GET)
2025-04-06 08:49:18.134 T:1691    debug <general>: script.module.slyguy - REQUEST OUT: https://linear-a-bla.epyc.optusvideo.tv/v8/OSG11/dash-plain/segment__720p25avc_454138888.mp4 (GET)
2025-04-06 08:49:18.139 T:1691    debug <general>: script.module.slyguy - REQUEST TIME: 0.005036592483520508
2025-04-06 08:49:18.139 T:1691    debug <general>: script.module.slyguy - RESPONSE IN: https://linear-a-bla.epyc.optusvideo.tv/v8/OSG11/dash-plain/segment__720p25avc_454138888.mp4 (200)
2025-04-06 08:49:18.139 T:1691    debug <general>: script.module.slyguy - RESPONSE OUT: https://linear-a-bla.epyc.optusvideo.tv/v8/OSG11/dash-plain/segment__720p25avc_454138888.mp4 (200)
2025-04-06 08:49:18.156 T:1687    debug <general>: CurlFile::Open - <http://127.0.0.1:8095/https://linear-a-bla.epyc.optusvideo.tv/v8/OSG11/dash-plain/segment__audio_454138888.mp4>
2025-04-06 08:49:18.156 T:1687    debug <general>: easy_acquire - Created session to http://127.0.0.1
2025-04-06 08:49:18.157 T:1692    debug <general>: script.module.slyguy - REQUEST IN: https://linear-a-bla.epyc.optusvideo.tv/v8/OSG11/dash-plain/segment__audio_454138888.mp4 (GET)
2025-04-06 08:49:18.157 T:1692    debug <general>: script.module.slyguy - REQUEST OUT: https://linear-a-bla.epyc.optusvideo.tv/v8/OSG11/dash-plain/segment__audio_454138888.mp4 (GET)
2025-04-06 08:49:18.160 T:1692    debug <general>: script.module.slyguy - DNS Resolve: linear-a-bla.epyc.optusvideo.tv -> system dns -> 61.88.63.45, 61.88.63.21, 61.88.63.49, 61.88.63.3, 61.88.63.1, 61.88.63.9, 61.88.63.11, 61.88.63.39 (0.00064s)
2025-04-06 08:49:18.243 T:1692    debug <general>: script.module.slyguy - Opening secure connection on port 443 to 61.88.63.45 ('TLS_AES_256_GCM_SHA384', 'TLSv1.3', 256)
2025-04-06 08:49:18.247 T:1183     info <general>: Skipped 4 duplicate messages..
2025-04-06 08:49:18.247 T:1183    debug <general>: CGLContextEGL::SwapBuffers: sync check blocking
2025-04-06 08:49:18.254 T:1218    error <general>: EXCEPTION: Unknown addon id 'pvr.iptvsimple'.
2025-04-06 08:49:18.265 T:1183    debug <general>: CGLContextEGL::SwapBuffers: sync sleep: 18232
2025-04-06 08:49:18.270 T:1692    debug <general>: script.module.slyguy - REQUEST TIME: 0.11273360252380371
2025-04-06 08:49:18.271 T:1692    debug <general>: script.module.slyguy - RESPONSE IN: https://linear-a-bla.epyc.optusvideo.tv/v8/OSG11/dash-plain/segment__audio_454138888.mp4 (200)
2025-04-06 08:49:18.271 T:1692    debug <general>: script.module.slyguy - RESPONSE OUT: https://linear-a-bla.epyc.optusvideo.tv/v8/OSG11/dash-plain/segment__audio_454138888.mp4 (200)
2025-04-06 08:49:18.276 T:1682    debug <general>: AddOnLog: inputstream.adaptive: [AS-0] Download finished: http://127.0.0.1:8095/https://linear-a-bla.epyc.optusvideo.tv/v8/OSG11/dash-plain/segment__720p25avc_454138888.mp4 (downloaded 1916388 byte, speed 13406377.00 byte/s)
2025-04-06 08:49:18.277 T:1682    debug <general>: CurlFile::Open - <http://127.0.0.1:8095/https://linear-a-bla.epyc.optusvideo.tv/v8/OSG11/dash-plain/segment__720p25avc_454138889.mp4>
2025-04-06 08:49:18.278 T:1693    debug <general>: script.module.slyguy - REQUEST IN: https://linear-a-bla.epyc.optusvideo.tv/v8/OSG11/dash-plain/segment__720p25avc_454138889.mp4 (GET)
2025-04-06 08:49:18.279 T:1693    debug <general>: script.module.slyguy - REQUEST OUT: https://linear-a-bla.epyc.optusvideo.tv/v8/OSG11/dash-plain/segment__720p25avc_454138889.mp4 (GET)
2025-04-06 08:49:18.284 T:1686    debug <general>: CVideoPlayerVideo - Stillframe left, switching to normal playback
2025-04-06 08:49:18.284 T:1686    debug <general>: CVideoPlayerVideo::CalcDropRequirement - hurry: 0
2025-04-06 08:49:18.284 T:1686    debug <general>: VAAPI - open decoder
2025-04-06 08:49:18.284 T:1686    debug <general>: libva info: VA-API version 1.20.0
2025-04-06 08:49:18.285 T:1686    debug <general>: libva info: Trying to open /usr/lib/dri/iHD_drv_video.so
2025-04-06 08:49:18.285 T:1686    debug <general>: libva info: Found init function __vaDriverInit_1_20
2025-04-06 08:49:18.285 T:1687    debug <general>: AddOnLog: inputstream.adaptive: [AS-1] Download finished: http://127.0.0.1:8095/https://linear-a-bla.epyc.optusvideo.tv/v8/OSG11/dash-plain/segment__audio_454138888.mp4 (downloaded 64688 byte, speed 501220.00 byte/s)
2025-04-06 08:49:18.286 T:1687    debug <general>: CurlFile::Open - <http://127.0.0.1:8095/https://linear-a-bla.epyc.optusvideo.tv/v8/OSG11/dash-plain/segment__audio_454138889.mp4>
2025-04-06 08:49:18.287 T:1693    debug <general>: script.module.slyguy - REQUEST TIME: 0.008141279220581055
2025-04-06 08:49:18.287 T:1693    debug <general>: script.module.slyguy - RESPONSE IN: https://linear-a-bla.epyc.optusvideo.tv/v8/OSG11/dash-plain/segment__720p25avc_454138889.mp4 (200)
2025-04-06 08:49:18.287 T:1693    debug <general>: script.module.slyguy - RESPONSE OUT: https://linear-a-bla.epyc.optusvideo.tv/v8/OSG11/dash-plain/segment__720p25avc_454138889.mp4 (200)
2025-04-06 08:49:18.287 T:1686    debug <general>: libva info: va_openDriver() returns 0
2025-04-06 08:49:18.287 T:1686    debug <general>: VAAPI - initialize version 1.20
2025-04-06 08:49:18.287 T:1686    debug <general>: VAAPI - driver in use: Intel iHD driver for Intel(R) Gen Graphics - 24.1.5 (f3fdd11)
2025-04-06 08:49:18.287 T:1686    debug <general>: VAAPI - profile VAProfileNone
2025-04-06 08:49:18.287 T:1686    debug <general>: VAAPI - profile VAProfileMPEG2Simple
2025-04-06 08:49:18.287 T:1686    debug <general>: VAAPI - profile VAProfileMPEG2Main
2025-04-06 08:49:18.287 T:1686    debug <general>: VAAPI - profile VAProfileH264Main
2025-04-06 08:49:18.287 T:1686    debug <general>: VAAPI - profile VAProfileH264High
2025-04-06 08:49:18.288 T:1686    debug <general>: VAAPI - profile VAProfileVC1Simple
2025-04-06 08:49:18.288 T:1686    debug <general>: VAAPI - profile VAProfileVC1Main
2025-04-06 08:49:18.288 T:1686    debug <general>: VAAPI - profile VAProfileVC1Advanced
2025-04-06 08:49:18.288 T:1686    debug <general>: VAAPI - profile VAProfileJPEGBaseline
2025-04-06 08:49:18.288 T:1686    debug <general>: VAAPI - profile VAProfileH264ConstrainedBaseline
2025-04-06 08:49:18.288 T:1686    debug <general>: VAAPI - profile VAProfileVP8Version0_3
2025-04-06 08:49:18.288 T:1686    debug <general>: VAAPI - profile VAProfileHEVCMain
2025-04-06 08:49:18.288 T:1686    debug <general>: VAAPI - profile VAProfileHEVCMain10
2025-04-06 08:49:18.288 T:1686    debug <general>: VAAPI - profile VAProfileVP9Profile0
2025-04-06 08:49:18.288 T:1686    debug <general>: VAAPI - profile VAProfileVP9Profile2
2025-04-06 08:49:18.289 T:1696    debug <general>: script.module.slyguy - REQUEST IN: https://linear-a-bla.epyc.optusvideo.tv/v8/OSG11/dash-plain/segment__audio_454138889.mp4 (GET)
2025-04-06 08:49:18.289 T:1698    debug <general>: Thread Vaapi-Output start, auto delete: false
2025-04-06 08:49:18.289 T:1698     info <general>: COutput::OnStartup: Output Thread created
2025-04-06 08:49:18.289 T:1698    debug <general>: SECTION:LoadDLL(special://xbmcbin/system/libsse4-x86_64-linux.so)
2025-04-06 08:49:18.289 T:1698    debug <general>: Loading: /usr/lib/kodi/system/libsse4-x86_64-linux.so
2025-04-06 08:49:18.296 T:1690     info <general>: CVideoPlayerAudio: display reset occurred, checking for passthrough
2025-04-06 08:49:18.297 T:1690     info <general>: CDVDAudioCodecFFmpeg::Open() Successful opened audio decoder aac
2025-04-06 08:49:18.297 T:1690     info <general>: Creating audio stream (codec id: 86018, channels: 2, sample rate: 48000, no pass-through)
2025-04-06 08:49:18.297 T:1690    debug <general>: CVideoPlayerAudio:: synctype set to 1: resample
2025-04-06 08:49:18.343 T:1194     info <general>: CActiveAESink::OpenSink - initialize sink
2025-04-06 08:49:18.364 T:1682    debug <general>: AddOnLog: inputstream.adaptive: [AS-0] Download finished: http://127.0.0.1:8095/https://linear-a-bla.epyc.optusvideo.tv/v8/OSG11/dash-plain/segment__720p25avc_454138889.mp4 (downloaded 1138294 byte, speed 13050986.00 byte/s)
2025-04-06 08:49:18.364 T:1682    debug <general>: CurlFile::Open - <http://127.0.0.1:8095/https://linear-a-bla.epyc.optusvideo.tv/v8/OSG11/dash-plain/segment__720p25avc_454138890.mp4>
2025-04-06 08:49:18.365 T:1787    debug <general>: script.module.slyguy - REQUEST IN: https://linear-a-bla.epyc.optusvideo.tv/v8/OSG11/dash-plain/segment__720p25avc_454138890.mp4 (GET)
2025-04-06 08:49:18.396 T:1686    debug <general>: CDVDVideoCodecFFmpeg - Updated codec: ff-h264-vaapi
2025-04-06 08:49:18.397 T:1696    debug <general>: script.module.slyguy - REQUEST OUT: https://linear-a-bla.epyc.optusvideo.tv/v8/OSG11/dash-plain/segment__audio_454138889.mp4 (GET)
2025-04-06 08:49:18.397 T:1787    debug <general>: script.module.slyguy - REQUEST OUT: https://linear-a-bla.epyc.optusvideo.tv/v8/OSG11/dash-plain/segment__720p25avc_454138890.mp4 (GET)
2025-04-06 08:49:18.403 T:1787    debug <general>: script.module.slyguy - REQUEST TIME: 0.005993843078613281
2025-04-06 08:49:18.403 T:1787    debug <general>: script.module.slyguy - RESPONSE IN: https://linear-a-bla.epyc.optusvideo.tv/v8/OSG11/dash-plain/segment__720p25avc_454138890.mp4 (200)
2025-04-06 08:49:18.403 T:1787    debug <general>: script.module.slyguy - RESPONSE OUT: https://linear-a-bla.epyc.optusvideo.tv/v8/OSG11/dash-plain/segment__720p25avc_454138890.mp4 (200)
2025-04-06 08:49:18.404 T:1696    debug <general>: script.module.slyguy - REQUEST TIME: 0.0071828365325927734
2025-04-06 08:49:18.404 T:1696    debug <general>: script.module.slyguy - RESPONSE IN: https://linear-a-bla.epyc.optusvideo.tv/v8/OSG11/dash-plain/segment__audio_454138889.mp4 (200)
2025-04-06 08:49:18.404 T:1696    debug <general>: script.module.slyguy - RESPONSE OUT: https://linear-a-bla.epyc.optusvideo.tv/v8/OSG11/dash-plain/segment__audio_454138889.mp4 (200)
2025-04-06 08:49:18.413 T:1686    debug <general>: CVideoPlayerVideo::CalcDropRequirement - hurry: 0
2025-04-06 08:49:18.415 T:1698     info <general>: Skipped 1 duplicate messages..
2025-04-06 08:49:18.415 T:1698    debug <general>: VAAPI output: Initializing skip postproc
2025-04-06 08:49:18.415 T:1686    debug <general>: CVideoPlayerVideo::CalcDropRequirement - hurry: 0
2025-04-06 08:49:18.417 T:1687    debug <general>: AddOnLog: inputstream.adaptive: [AS-1] Download finished: http://127.0.0.1:8095/https://linear-a-bla.epyc.optusvideo.tv/v8/OSG11/dash-plain/segment__audio_454138889.mp4 (downloaded 64800 byte, speed 492794.00 byte/s)
2025-04-06 08:49:18.417 T:1686    debug <general>: CRenderManager::Configure - change configuration. 1280x720. display: 1280x720. framerate: 25.00.
2025-04-06 08:49:18.418 T:1687    debug <general>: CurlFile::Open - <http://127.0.0.1:8095/https://linear-a-bla.epyc.optusvideo.tv/v8/OSG11/dash-plain/segment__audio_454138890.mp4>
2025-04-06 08:49:18.419 T:1910    debug <general>: script.module.slyguy - REQUEST IN: https://linear-a-bla.epyc.optusvideo.tv/v8/OSG11/dash-plain/segment__audio_454138890.mp4 (GET)
2025-04-06 08:49:18.419 T:1910    debug <general>: script.module.slyguy - REQUEST OUT: https://linear-a-bla.epyc.optusvideo.tv/v8/OSG11/dash-plain/segment__audio_454138890.mp4 (GET)
2025-04-06 08:49:18.427 T:1183    debug <general>: DeleteRenderer - deleting renderer
2025-04-06 08:49:18.427 T:1183    debug <general>: LinuxRendererGL: Cleaning up GL resources
2025-04-06 08:49:18.440 T:1183    debug <general>: GL: Requested render method: 0
2025-04-06 08:49:18.440 T:1183    debug <general>: GL: using shader format: 7
2025-04-06 08:49:18.440 T:1183    debug <general>: GL: using tonemap method: 1
2025-04-06 08:49:18.441 T:1183     info <general>: GL: Selecting YUV 2 RGB shader
2025-04-06 08:49:18.444 T:1970    debug <general>: AddOnLog: inputstream.adaptive: [Repr. chooser] Current average bandwidth: 70956116 bit/s (filtered to 63860504 bit/s)
2025-04-06 08:49:18.447 T:1910    debug <general>: script.module.slyguy - REQUEST TIME: 0.028098583221435547
2025-04-06 08:49:18.447 T:1910    debug <general>: script.module.slyguy - RESPONSE IN: https://linear-a-bla.epyc.optusvideo.tv/v8/OSG11/dash-plain/segment__audio_454138890.mp4 (200)
2025-04-06 08:49:18.447 T:1910    debug <general>: script.module.slyguy - RESPONSE OUT: https://linear-a-bla.epyc.optusvideo.tv/v8/OSG11/dash-plain/segment__audio_454138890.mp4 (200)
2025-04-06 08:49:18.450 T:1687    debug <general>: AddOnLog: inputstream.adaptive: [AS-1] Download finished: http://127.0.0.1:8095/https://linear-a-bla.epyc.optusvideo.tv/v8/OSG11/dash-plain/segment__audio_454138890.mp4 (downloaded 64453 byte, speed 1981644.00 byte/s)
2025-04-06 08:49:18.450 T:1687    debug <general>: CurlFile::Open - <http://127.0.0.1:8095/https://linear-a-bla.epyc.optusvideo.tv/v8/OSG11/dash-plain/segment__audio_454138891.mp4>
2025-04-06 08:49:18.451 T:1975    debug <general>: script.module.slyguy - REQUEST IN: https://linear-a-bla.epyc.optusvideo.tv/v8/OSG11/dash-plain/segment__audio_454138891.mp4 (GET)
2025-04-06 08:49:18.451 T:1975    debug <general>: script.module.slyguy - REQUEST OUT: https://linear-a-bla.epyc.optusvideo.tv/v8/OSG11/dash-plain/segment__audio_454138891.mp4 (GET)
2025-04-06 08:49:18.452 T:1183     info <general>: GL: Using GL_ARB_pixel_buffer_object
2025-04-06 08:49:18.452 T:1183     info <general>: Using GL_TEXTURE_2D
2025-04-06 08:49:18.452 T:1183    debug <general>: CRenderManager::Configure - 4
2025-04-06 08:49:18.452 T:1652    debug <general>: OnAVChange: CApplication::OnAVChange
2025-04-06 08:49:18.452 T:1675    debug <general>: CVideoPlayer::HandleMessages - player started 2
2025-04-06 08:49:18.453 T:1183    debug <general>: GL: Requested render method: 0
2025-04-06 08:49:18.453 T:1183    debug <general>: GL: using shader format: 7
2025-04-06 08:49:18.453 T:1183    debug <general>: GL: using tonemap method: 1
2025-04-06 08:49:18.453 T:1183     info <general>: GL: Selecting YUV 2 RGB shader
2025-04-06 08:49:18.453 T:1183     info <general>: GL: Using GL_ARB_pixel_buffer_object
2025-04-06 08:49:18.477 T:1975    debug <general>: script.module.slyguy - REQUEST TIME: 0.026035547256469727
2025-04-06 08:49:18.477 T:1975    debug <general>: script.module.slyguy - RESPONSE IN: https://linear-a-bla.epyc.optusvideo.tv/v8/OSG11/dash-plain/segment__audio_454138891.mp4 (200)
2025-04-06 08:49:18.477 T:1975    debug <general>: script.module.slyguy - RESPONSE OUT: https://linear-a-bla.epyc.optusvideo.tv/v8/OSG11/dash-plain/segment__audio_454138891.mp4 (200)
2025-04-06 08:49:18.484 T:1687    debug <general>: AddOnLog: inputstream.adaptive: [AS-1] Download finished: http://127.0.0.1:8095/https://linear-a-bla.epyc.optusvideo.tv/v8/OSG11/dash-plain/segment__audio_454138891.mp4 (downloaded 64971 byte, speed 1965185.00 byte/s)
2025-04-06 08:49:18.484 T:1687    debug <general>: CurlFile::Open - <http://127.0.0.1:8095/https://linear-a-bla.epyc.optusvideo.tv/v8/OSG11/dash-plain/segment__audio_454138892.mp4>
2025-04-06 08:49:18.484 T:2074    debug <general>: script.module.slyguy - REQUEST IN: https://linear-a-bla.epyc.optusvideo.tv/v8/OSG11/dash-plain/segment__audio_454138892.mp4 (GET)
2025-04-06 08:49:18.485 T:2074    debug <general>: script.module.slyguy - REQUEST OUT: https://linear-a-bla.epyc.optusvideo.tv/v8/OSG11/dash-plain/segment__audio_454138892.mp4 (GET)
2025-04-06 08:49:18.500 T:1682    debug <general>: AddOnLog: inputstream.adaptive: [AS-0] Download finished: http://127.0.0.1:8095/https://linear-a-bla.epyc.optusvideo.tv/v8/OSG11/dash-plain/segment__720p25avc_454138890.mp4 (downloaded 1198410 byte, speed 8858475.00 byte/s)
2025-04-06 08:49:18.500 T:1682    debug <general>: CurlFile::Open - <http://127.0.0.1:8095/https://linear-a-bla.epyc.optusvideo.tv/v8/OSG11/dash-plain/segment__720p25avc_454138891.mp4>
2025-04-06 08:49:18.500 T:2102    debug <general>: script.module.slyguy - REQUEST IN: https://linear-a-bla.epyc.optusvideo.tv/v8/OSG11/dash-plain/segment__720p25avc_454138891.mp4 (GET)
2025-04-06 08:49:18.500 T:2102    debug <general>: script.module.slyguy - REQUEST OUT: https://linear-a-bla.epyc.optusvideo.tv/v8/OSG11/dash-plain/segment__720p25avc_454138891.mp4 (GET)
2025-04-06 08:49:18.502 T:2074    debug <general>: script.module.slyguy - REQUEST TIME: 0.017293691635131836
2025-04-06 08:49:18.502 T:2074    debug <general>: script.module.slyguy - RESPONSE IN: https://linear-a-bla.epyc.optusvideo.tv/v8/OSG11/dash-plain/segment__audio_454138892.mp4 (200)
2025-04-06 08:49:18.502 T:2074    debug <general>: script.module.slyguy - RESPONSE OUT: https://linear-a-bla.epyc.optusvideo.tv/v8/OSG11/dash-plain/segment__audio_454138892.mp4 (200)
2025-04-06 08:49:18.504 T:1687    debug <general>: AddOnLog: inputstream.adaptive: [AS-1] Download finished: http://127.0.0.1:8095/https://linear-a-bla.epyc.optusvideo.tv/v8/OSG11/dash-plain/segment__audio_454138892.mp4 (downloaded 64563 byte, speed 3189241.00 byte/s)
2025-04-06 08:49:18.504 T:1687    debug <general>: CurlFile::Open - <http://127.0.0.1:8095/https://linear-a-bla.epyc.optusvideo.tv/v8/OSG11/dash-plain/segment__audio_454138893.mp4>
2025-04-06 08:49:18.505 T:2118    debug <general>: script.module.slyguy - REQUEST IN: https://linear-a-bla.epyc.optusvideo.tv/v8/OSG11/dash-plain/segment__audio_454138893.mp4 (GET)
2025-04-06 08:49:18.505 T:2118    debug <general>: script.module.slyguy - REQUEST OUT: https://linear-a-bla.epyc.optusvideo.tv/v8/OSG11/dash-plain/segment__audio_454138893.mp4 (GET)
2025-04-06 08:49:18.507 T:2102    debug <general>: script.module.slyguy - REQUEST TIME: 0.006533145904541016
2025-04-06 08:49:18.507 T:2102    debug <general>: script.module.slyguy - RESPONSE IN: https://linear-a-bla.epyc.optusvideo.tv/v8/OSG11/dash-plain/segment__720p25avc_454138891.mp4 (200)
2025-04-06 08:49:18.507 T:2102    debug <general>: script.module.slyguy - RESPONSE OUT: https://linear-a-bla.epyc.optusvideo.tv/v8/OSG11/dash-plain/segment__720p25avc_454138891.mp4 (200)
2025-04-06 08:49:18.520 T:2118    debug <general>: script.module.slyguy - REQUEST TIME: 0.014891624450683594
2025-04-06 08:49:18.520 T:2118    debug <general>: script.module.slyguy - RESPONSE IN: https://linear-a-bla.epyc.optusvideo.tv/v8/OSG11/dash-plain/segment__audio_454138893.mp4 (200)
2025-04-06 08:49:18.520 T:2118    debug <general>: script.module.slyguy - RESPONSE OUT: https://linear-a-bla.epyc.optusvideo.tv/v8/OSG11/dash-plain/segment__audio_454138893.mp4 (200)
2025-04-06 08:49:18.526 T:1183    debug <general>: Inhibiting OS screen saver
2025-04-06 08:49:18.526 T:2187    debug <general>: Thread Timer start, auto delete: false
2025-04-06 08:49:18.527 T:1687    debug <general>: AddOnLog: inputstream.adaptive: [AS-1] Download finished: http://127.0.0.1:8095/https://linear-a-bla.epyc.optusvideo.tv/v8/OSG11/dash-plain/segment__audio_454138893.mp4 (downloaded 64822 byte, speed 2879314.00 byte/s)
2025-04-06 08:49:18.544 T:2251    debug <general>: AddOnLog: inputstream.adaptive: [Repr. chooser] Current average bandwidth: 70934037 bit/s (filtered to 63840633 bit/s)
2025-04-06 08:49:18.545 T:1183    debug <general>: CGLContextEGL::SwapBuffers: sync check blocking
2025-04-06 08:49:18.546 T:1194    debug <general>: CActiveAESink::OpenSink - trying to open device ALSA:hdmi:CARD=PCH,DEV=0
2025-04-06 08:49:18.546 T:1194     info <general>: CAESinkALSA::Initialize - Attempting to open device "hdmi:CARD=PCH,DEV=0"
2025-04-06 08:49:18.548 T:1194     info <general>: CAESinkALSA::Initialize - Opened device "hdmi:CARD=PCH,DEV=0,AES0=0x04,AES1=0x82,AES2=0x00,AES3=0x02"
2025-04-06 08:49:18.548 T:1194     info <general>: CAESinkALSA::InitializeHW - Your hardware does not support AE_FMT_FLOAT, trying other formats
2025-04-06 08:49:18.548 T:1194     info <general>: CAESinkALSA::InitializeHW - Using data format AE_FMT_S32NE
2025-04-06 08:49:18.548 T:1194    debug <general>: CAESinkALSA::InitializeHW - Request: periodSize 2400, bufferSize 9600
2025-04-06 08:49:18.558 T:1682    debug <general>: AddOnLog: inputstream.adaptive: [AS-0] Download finished: http://127.0.0.1:8095/https://linear-a-bla.epyc.optusvideo.tv/v8/OSG11/dash-plain/segment__720p25avc_454138891.mp4 (downloaded 670457 byte, speed 11420781.00 byte/s)
2025-04-06 08:49:18.559 T:1682    debug <general>: CurlFile::Open - <http://127.0.0.1:8095/https://linear-a-bla.epyc.optusvideo.tv/v8/OSG11/dash-plain/segment__720p25avc_454138892.mp4>
2025-04-06 08:49:18.559 T:2276    debug <general>: script.module.slyguy - REQUEST IN: https://linear-a-bla.epyc.optusvideo.tv/v8/OSG11/dash-plain/segment__720p25avc_454138892.mp4 (GET)
2025-04-06 08:49:18.559 T:2276    debug <general>: script.module.slyguy - REQUEST OUT: https://linear-a-bla.epyc.optusvideo.tv/v8/OSG11/dash-plain/segment__720p25avc_454138892.mp4 (GET)
2025-04-06 08:49:18.560 T:1194    debug <general>: CAESinkALSA::InitializeHW - Got: periodSize 2400, bufferSize 9600
2025-04-06 08:49:18.560 T:1194    debug <general>: CAESinkALSA::InitializeHW - Setting timeout to 200 ms
2025-04-06 08:49:18.562 T:1194    debug <general>: CAESinkALSA::GetChannelLayout - Input Channel Count: 2 Output Channel Count: 2
2025-04-06 08:49:18.562 T:1194    debug <general>: CAESinkALSA::GetChannelLayout - Requested Layout: FL, FR
2025-04-06 08:49:18.562 T:1194    debug <general>: CAESinkALSA::GetChannelLayout - Got Layout: FL, FR (ALSA: FL FR)
2025-04-06 08:49:18.562 T:1194    debug <general>: CActiveAESink::OpenSink - ALSA Initialized:
2025-04-06 08:49:18.562 T:1194    debug <general>:   Output Device : HDA Intel PCH
2025-04-06 08:49:18.562 T:1194    debug <general>:   Sample Rate   : 48000
2025-04-06 08:49:18.562 T:1194    debug <general>:   Sample Format : AE_FMT_S32NE
2025-04-06 08:49:18.562 T:1194    debug <general>:   Channel Count : 2
2025-04-06 08:49:18.562 T:1194    debug <general>:   Channel Layout: FL, FR
2025-04-06 08:49:18.562 T:1194    debug <general>:   Frames        : 2400
2025-04-06 08:49:18.562 T:1194    debug <general>:   Frame Size    : 8
2025-04-06 08:49:18.563 T:1193    debug <general>: CActiveAE::ClearDiscardedBuffers - buffer pool deleted
2025-04-06 08:49:18.564 T:2276     info <general>: Skipped 1 duplicate messages..
2025-04-06 08:49:18.564 T:2276    debug <general>: script.module.slyguy - REQUEST TIME: 0.004575252532958984
2025-04-06 08:49:18.564 T:2276    debug <general>: script.module.slyguy - RESPONSE IN: https://linear-a-bla.epyc.optusvideo.tv/v8/OSG11/dash-plain/segment__720p25avc_454138892.mp4 (200)
2025-04-06 08:49:18.564 T:2276    debug <general>: script.module.slyguy - RESPONSE OUT: https://linear-a-bla.epyc.optusvideo.tv/v8/OSG11/dash-plain/segment__720p25avc_454138892.mp4 (200)
2025-04-06 08:49:18.564 T:1675    debug <general>: CVideoPlayer::HandleMessages - player started 1
2025-04-06 08:49:18.564 T:1675    debug <general>: CVideoPlayer::SetCaching - caching state 3
2025-04-06 08:49:18.564 T:1652    debug <general>: OnAVChange: CApplication::OnAVChange
2025-04-06 08:49:18.564 T:1675    debug <general>: CDVDClock::SetSpeedAdjust - adjusted:0.000000
2025-04-06 08:49:18.564 T:1675    debug <general>: CVideoPlayer::SetCaching - caching state 0
2025-04-06 08:49:18.564 T:1675    debug <general>: CDVDClock::SetSpeedAdjust - adjusted:0.000000
2025-04-06 08:49:18.564 T:1675    debug <general>: VideoPlayer::Sync - Audio - pts: 1743893326378666.000000, cache: 519249.747983, totalcache: 800000.011921
2025-04-06 08:49:18.564 T:1675    debug <general>: VideoPlayer::Sync - Video - pts: 1743893326079999.750000, cache: 50000.000000, totalcache: 100000.000000
2025-04-06 08:49:18.564 T:1690    debug <general>: CVideoPlayerAudio - CDVDMsg::GENERAL_RESYNC(1743893325178666.000000), level: 96, cache: 518763.813983
2025-04-06 08:49:18.564 T:1690    debug <general>: CDVDAudio::Resume - resume audio stream
2025-04-06 08:49:18.564 T:1686    debug <general>: CVideoPlayerVideo - CDVDMsg::GENERAL_RESYNC(1743893325178666.000000)
2025-04-06 08:49:18.564 T:1686    debug <general>: CVideoPlayerVideo::CalcDropRequirement - hurry: 0
2025-04-06 08:49:18.564 T:1652    debug <general>: OnAVStarted: CApplication::OnAVStarted
2025-04-06 08:49:18.564 T:1193    debug <general>: ActiveAE - start sync of audio stream
2025-04-06 08:49:18.565 T:1686    debug <general>: CVideoPlayerVideo::CalcDropRequirement - hurry: 0
2025-04-06 08:49:18.566 T:1183     info <general>: Skipped 1 duplicate messages..
2025-04-06 08:49:18.566 T:1183    debug <general>: CGLContextEGL::SwapBuffers: sync sleep: 19423
2025-04-06 08:49:18.567 T:1686    debug <general>: CVideoPlayerVideo::CalcDropRequirement - hurry: 1
2025-04-06 08:49:18.567 T:1183    debug <general>: Activating window ID: 12005
2025-04-06 08:49:18.567 T:1183    debug <general>: ------ Window Deinit (MyVideoNav.xml) ------
2025-04-06 08:49:18.568 T:1183    debug <general>: FreeVisualisation() done
2025-04-06 08:49:18.568 T:1183    debug <general>: ------ Window Init (VideoFullScreen.xml) ------
2025-04-06 08:49:18.568 T:1183     info <general>: Loading skin file: VideoFullScreen.xml, load type: KEEP_IN_MEMORY
2025-04-06 08:49:18.568 T:1686    debug <general>: CVideoPlayerVideo::CalcDropRequirement - hurry: 1
2025-04-06 08:49:18.573 T:1183     info <general>: [WHITELIST] Searching the whitelist for: width: 1280, height: 720, fps: 25.000, 3D: false
2025-04-06 08:49:18.573 T:1183    debug <general>: [WHITELIST] Using the default whitelist because the user whitelist is empty
2025-04-06 08:49:18.573 T:1183    debug <general>: [WHITELIST] Searching for an exact resolution with an exact refresh rate
2025-04-06 08:49:18.573 T:1183    debug <general>: [WHITELIST] No match for an exact resolution with an exact refresh rate
2025-04-06 08:49:18.573 T:1183    debug <general>: [WHITELIST] Searching for an exact resolution with double the refresh rate
2025-04-06 08:49:18.573 T:1183    debug <general>: [WHITELIST] No match for an exact resolution with double the refresh rate
2025-04-06 08:49:18.573 T:1183    debug <general>: [WHITELIST] Searching for an exact resolution with a 3:2 pulldown refresh rate
2025-04-06 08:49:18.573 T:1183    debug <general>: [WHITELIST] No match for a resolution with a 3:2 pulldown refresh rate
2025-04-06 08:49:18.573 T:1183    debug <general>: [WHITELIST] Searching for a desktop resolution with an exact refresh rate
