2025-04-06 08:49:18.573 T:1183    debug <general>: [WHITELIST] No match for a desktop resolution with an exact refresh rate
2025-04-06 08:49:18.573 T:1183    debug <general>: [WHITELIST] Searching for a desktop resolution with double the refresh rate
2025-04-06 08:49:18.573 T:1183    debug <general>: [WHITELIST] Matched a desktop resolution with double the refresh rate DP3: 1920x1080 @ 50.00Hz (18)
2025-04-06 08:49:18.573 T:1183     info <general>: Display resolution ADJUST : DP3: 1920x1080 @ 50.00Hz (18) (weight: 0.000)
2025-04-06 08:49:18.574 T:1652    debug <general>: OnAVChange: CApplication::OnAVChange
2025-04-06 08:49:18.574 T:1183    debug <general>: GL: Requested render method: 0
2025-04-06 08:49:18.574 T:1183    debug <general>: GL: using shader format: 7
2025-04-06 08:49:18.574 T:1183    debug <general>: GL: using tonemap method: 1
2025-04-06 08:49:18.574 T:1183     info <general>: GL: Selecting YUV 2 RGB shader
2025-04-06 08:49:18.574 T:1183     info <general>: GL: Using GL_ARB_pixel_buffer_object
2025-04-06 08:49:18.585 T:1183    debug <general>: ------ Window Deinit (DialogBusy.xml) ------
2025-04-06 08:49:18.611 T:1682    debug <general>: AddOnLog: inputstream.adaptive: [AS-0] Download finished: http://127.0.0.1:8095/https://linear-a-bla.epyc.optusvideo.tv/v8/OSG11/dash-plain/segment__720p25avc_454138892.mp4 (downloaded 716167 byte, speed 13594665.00 byte/s)
2025-04-06 08:49:18.612 T:1682    debug <general>: CurlFile::Open - <http://127.0.0.1:8095/https://linear-a-bla.epyc.optusvideo.tv/v8/OSG11/dash-plain/segment__720p25avc_454138893.mp4>
2025-04-06 08:49:18.612 T:2307    debug <general>: script.module.slyguy - REQUEST IN: https://linear-a-bla.epyc.optusvideo.tv/v8/OSG11/dash-plain/segment__720p25avc_454138893.mp4 (GET)
2025-04-06 08:49:18.612 T:2307    debug <general>: script.module.slyguy - REQUEST OUT: https://linear-a-bla.epyc.optusvideo.tv/v8/OSG11/dash-plain/segment__720p25avc_454138893.mp4 (GET)
2025-04-06 08:49:18.617 T:2307    debug <general>: script.module.slyguy - REQUEST TIME: 0.004472255706787109
2025-04-06 08:49:18.617 T:2307    debug <general>: script.module.slyguy - RESPONSE IN: https://linear-a-bla.epyc.optusvideo.tv/v8/OSG11/dash-plain/segment__720p25avc_454138893.mp4 (200)
2025-04-06 08:49:18.617 T:2307    debug <general>: script.module.slyguy - RESPONSE OUT: https://linear-a-bla.epyc.optusvideo.tv/v8/OSG11/dash-plain/segment__720p25avc_454138893.mp4 (200)
2025-04-06 08:49:18.653 T:1682    debug <general>: AddOnLog: inputstream.adaptive: [AS-0] Download finished: http://127.0.0.1:8095/https://linear-a-bla.epyc.optusvideo.tv/v8/OSG11/dash-plain/segment__720p25avc_454138893.mp4 (downloaded 561556 byte, speed 13607211.00 byte/s)
2025-04-06 08:49:18.713 T:1193    debug <general>: ActiveAE::SyncStream - average error of 685.061239, start adjusting
2025-04-06 08:49:19.086 T:1686  warning <general>: OutputPicture - timeout waiting for buffer
2025-04-06 08:49:19.258 T:1218    error <general>: EXCEPTION: Unknown addon id 'pvr.iptvsimple'.
2025-04-06 08:49:19.364 T:1193    debug <general>: ActiveAE::SyncStream - average error 0.954346, last average error: 685.061239
2025-04-06 08:49:19.464 T:1193    debug <general>: ActiveAE::SyncStream - average error of -24.494873, start adjusting
2025-04-06 08:49:19.464 T:1193    debug <general>: ActiveAE::SyncStream - average error -0.015706 below threshold of 30.000000
2025-04-06 08:49:19.508 T:1686     info <general>: CDVDVideoCodecFFmpeg::CDropControl: calculated diff time: 40000
2025-04-06 08:49:20.261 T:1218    error <general>: EXCEPTION: Unknown addon id 'pvr.iptvsimple'.
2025-04-06 08:49:20.804 T:1678    debug <general>: CurlFile::Open - <http://127.0.0.1:8095/https://linear-a-bla.epyc.optusvideo.tv/v8/OSG11/dash-plain/dash.mpd>
2025-04-06 08:49:20.806 T:2411    debug <general>: script.module.slyguy - REQUEST IN: https://linear-a-bla.epyc.optusvideo.tv/v8/OSG11/dash-plain/dash.mpd (GET)
2025-04-06 08:49:20.807 T:2411    debug <general>: script.module.slyguy - REQUEST OUT: https://linear-a-bla.epyc.optusvideo.tv/v8/OSG11/dash-plain/dash.mpd (GET)
2025-04-06 08:49:20.815 T:2411    debug <general>: script.module.slyguy - REQUEST TIME: 0.00821065902709961
2025-04-06 08:49:20.815 T:2411    debug <general>: script.module.slyguy - RESPONSE IN: https://linear-a-bla.epyc.optusvideo.tv/v8/OSG11/dash-plain/dash.mpd (200)
2025-04-06 08:49:20.815 T:2411    debug <general>: script.module.slyguy - MIDDLEWARE: plugin
2025-04-06 08:49:20.817 T:2411    debug <general>: CScriptRunner: running add-on script Optus Sport('plugin://plugin.video.optus.sport/', '15', '?_=mpd_request&_path=special%3A%2F%2Ftemp%2Fproxy.middleware&url=https%3A%2F%2Flinear-a-bla.epyc.optusvideo.tv%2Fv8%2FOSG11%2Fdash-plain%2Fdash.mpd')
2025-04-06 08:49:20.817 T:2411    debug <general>: GetLanguageInvoker - Reusing LanguageInvokerThread 32 for script /storage/.kodi/addons/plugin.video.optus.sport/default.py
2025-04-06 08:49:20.817 T:1670    debug <general>: initializing python engine.
2025-04-06 08:49:20.817 T:1670    debug <general>: CPythonInvoker(32, /storage/.kodi/addons/plugin.video.optus.sport/default.py): start processing
2025-04-06 08:49:20.817 T:1670    debug <general>: CPythonInvoker(32): adding args:
2025-04-06 08:49:20.817 T:1670    debug <general>: CPythonInvoker(32):  plugin://plugin.video.optus.sport/
2025-04-06 08:49:20.817 T:1670    debug <general>: CPythonInvoker(32):  15
2025-04-06 08:49:20.817 T:1670    debug <general>: CPythonInvoker(32):  ?_=mpd_request&_path=special%3A%2F%2Ftemp%2Fproxy.middleware&url=https%3A%2F%2Flinear-a-bla.epyc.optusvideo.tv%2Fv8%2FOSG11%2Fdash-plain%2Fdash.mpd
2025-04-06 08:49:20.817 T:1670    debug <general>: CPythonInvoker(32):  resume:false
2025-04-06 08:49:20.817 T:1670    debug <general>: CPythonInvoker(32, /storage/.kodi/addons/plugin.video.optus.sport/default.py): entering source directory /storage/.kodi/addons/plugin.video.optus.sport
2025-04-06 08:49:20.817 T:1670    debug <general>: CPythonInvoker(32, /storage/.kodi/addons/plugin.video.optus.sport/default.py): instantiating addon using automatically obtained id of "plugin.video.optus.sport" dependent on version 0.0.0 of the xbmc.python api
2025-04-06 08:49:20.817 T:1670    debug <general>: plugin.video.optus.sport - SIGNAL: before_dispatch
2025-04-06 08:49:20.818 T:1670    debug <general>: plugin.video.optus.sport - Router Parsed: 'plugin://plugin.video.optus.sport/?_=mpd_request&_path=special%3A%2F%2Ftemp%2Fproxy.middleware&url=https%3A%2F%2Flinear-a-bla.epyc.optusvideo.tv%2Fv8%2FOSG11%2Fdash-plain%2Fdash.mpd' => mpd_request {'_path': 'special://temp/proxy.middleware', 'url': 'https://linear-a-bla.epyc.optusvideo.tv/v8/OSG11/dash-plain/dash.mpd', '_url': 'plugin://plugin.video.optus.sport/?_=mpd_request&_path=special%3A%2F%2Ftemp%2Fproxy.middleware&url=https%3A%2F%2Flinear-a-bla.epyc.optusvideo.tv%2Fv8%2FOSG11%2Fdash-plain%2Fdash.mpd'}
2025-04-06 08:49:20.819 T:1670    debug <general>: plugin.video.optus.sport - SIGNAL: after_dispatch
2025-04-06 08:49:20.819 T:1670    debug <general>: plugin.video.optus.sport - SIGNAL: on_close
2025-04-06 08:49:20.819 T:1670    debug <general>: CPythonInvoker(32, /storage/.kodi/addons/plugin.video.optus.sport/default.py): script successfully run
2025-04-06 08:49:20.819 T:2411    debug <general>: script.module.slyguy - RESPONSE OUT: https://linear-a-bla.epyc.optusvideo.tv/v8/OSG11/dash-plain/dash.mpd (200)
2025-04-06 08:49:20.820 T:1678    debug <general>: AddOnLog: inputstream.adaptive: Download finished: http://127.0.0.1:8095/https://linear-a-bla.epyc.optusvideo.tv/v8/OSG11/dash-plain/dash.mpd (downloaded 12957 byte, speed 855134.00 byte/s)
2025-04-06 08:49:20.820 T:1678    debug <general>: AddOnLog: inputstream.adaptive: Parsing Playready header version 4.0.0.0
2025-04-06 08:49:20.820 T:1678     info <general>: Skipped 3 duplicate messages..
2025-04-06 08:49:20.820 T:1678    debug <general>: AddOnLog: inputstream.adaptive: OnUpdateSegments: MPD update - Done (repr. id "_720p25avc", period id "1743893099520")
2025-04-06 08:49:20.820 T:1678    debug <general>: AddOnLog: inputstream.adaptive: OnUpdateSegments: MPD update - Done (repr. id "_audio", period id "1743893099520")
2025-04-06 08:49:21.265 T:1218    error <general>: EXCEPTION: Unknown addon id 'pvr.iptvsimple'.
2025-04-06 08:49:22.476 T:1682     info <general>: Skipped 1 duplicate messages..
2025-04-06 08:49:22.476 T:1682    debug <general>: CurlFile::Open - <http://127.0.0.1:8095/https://linear-a-bla.epyc.optusvideo.tv/v8/OSG11/dash-plain/segment__720p25avc_454138894.mp4>
2025-04-06 08:49:22.478 T:2535    debug <general>: script.module.slyguy - REQUEST IN: https://linear-a-bla.epyc.optusvideo.tv/v8/OSG11/dash-plain/segment__720p25avc_454138894.mp4 (GET)
2025-04-06 08:49:22.486 T:2535    debug <general>: script.module.slyguy - REQUEST OUT: https://linear-a-bla.epyc.optusvideo.tv/v8/OSG11/dash-plain/segment__720p25avc_454138894.mp4 (GET)
2025-04-06 08:49:22.491 T:2535    debug <general>: script.module.slyguy - REQUEST TIME: 0.004879474639892578
2025-04-06 08:49:22.491 T:2535    debug <general>: script.module.slyguy - RESPONSE IN: https://linear-a-bla.epyc.optusvideo.tv/v8/OSG11/dash-plain/segment__720p25avc_454138894.mp4 (200)
2025-04-06 08:49:22.491 T:2535    debug <general>: script.module.slyguy - RESPONSE OUT: https://linear-a-bla.epyc.optusvideo.tv/v8/OSG11/dash-plain/segment__720p25avc_454138894.mp4 (200)
2025-04-06 08:49:22.517 T:1687    debug <general>: CurlFile::Open - <http://127.0.0.1:8095/https://linear-a-bla.epyc.optusvideo.tv/v8/OSG11/dash-plain/segment__audio_454138894.mp4>
2025-04-06 08:49:22.518 T:2540    debug <general>: script.module.slyguy - REQUEST IN: https://linear-a-bla.epyc.optusvideo.tv/v8/OSG11/dash-plain/segment__audio_454138894.mp4 (GET)
2025-04-06 08:49:22.518 T:2540    debug <general>: script.module.slyguy - REQUEST OUT: https://linear-a-bla.epyc.optusvideo.tv/v8/OSG11/dash-plain/segment__audio_454138894.mp4 (GET)
2025-04-06 08:49:22.542 T:2540    debug <general>: script.module.slyguy - REQUEST TIME: 0.024319887161254883
2025-04-06 08:49:22.543 T:2540    debug <general>: script.module.slyguy - RESPONSE IN: https://linear-a-bla.epyc.optusvideo.tv/v8/OSG11/dash-plain/segment__audio_454138894.mp4 (200)
2025-04-06 08:49:22.543 T:2540    debug <general>: script.module.slyguy - RESPONSE OUT: https://linear-a-bla.epyc.optusvideo.tv/v8/OSG11/dash-plain/segment__audio_454138894.mp4 (200)
2025-04-06 08:49:22.548 T:1687    debug <general>: AddOnLog: inputstream.adaptive: [AS-1] Download finished: http://127.0.0.1:8095/https://linear-a-bla.epyc.optusvideo.tv/v8/OSG11/dash-plain/segment__audio_454138894.mp4 (downloaded 64583 byte, speed 2094810.00 byte/s)
2025-04-06 08:49:22.601 T:1682    debug <general>: AddOnLog: inputstream.adaptive: [AS-0] Download finished: http://127.0.0.1:8095/https://linear-a-bla.epyc.optusvideo.tv/v8/OSG11/dash-plain/segment__720p25avc_454138894.mp4 (downloaded 1521983 byte, speed 12228298.00 byte/s)
2025-04-06 08:49:23.271 T:1218    error <general>: EXCEPTION: Unknown addon id 'pvr.iptvsimple'.
2025-04-06 08:49:24.228 T:1686    debug <general>: CPtsTracker: detected pattern of length 1: 40000.00, frameduration: 40000.000000
2025-04-06 08:49:24.275 T:1218    error <general>: EXCEPTION: Unknown addon id 'pvr.iptvsimple'.
2025-04-06 08:49:24.447 T:1248    debug <general>: CurlFile::Open - <http://10.19.72.251:8866/service?method=recording.lastupdated&sid=53a916d34b9642629658eda0c1da4416>
2025-04-06 08:49:24.447 T:1248    debug <general>: easy_acquire - Created session to http://10.19.72.251
2025-04-06 08:49:24.451 T:1248    debug <general>: AddOnLog: pvr.nextpvr: DoMethodRequest recording.lastupdated 0 107 4
2025-04-06 08:49:24.505 T:1226    debug <general>: [ script.embuary.helper ] Start new fanart grabber process
2025-04-06 08:49:24.560 T:1226    debug <general>: GetArtistsByWhereJSON query: SELECT a1.*, art.art_id AS idArt, art.type AS artType, art.url AS artURL FROM (SELECT artist.idArtist, strArtist FROM artist  WHERE (EXISTS (SELECT 1 FROM song_artist WHERE song_artist.idArtist = artist.idArtist AND song_artist.idRole = 1) OR EXISTS (SELECT 1 FROM album_artist WHERE album_artist.idArtist = artist.idArtist)) AND (artist.strArtist != '') ORDER BY RANDOM() LIMIT 40) AS a1 LEFT JOIN art ON art.media_id = a1.idArtist AND art.media_type = 'artist' GROUP BY a1.idArtist, art.art_id ORDER BY a1.idArtist, arttype
2025-04-06 08:49:24.561 T:1226    debug <general>: GetArtistsByWhereJSON - query took 1 ms
2025-04-06 08:49:24.820 T:1678    debug <general>: CurlFile::Open - <http://127.0.0.1:8095/https://linear-a-bla.epyc.optusvideo.tv/v8/OSG11/dash-plain/dash.mpd>
2025-04-06 08:49:24.822 T:2705    debug <general>: script.module.slyguy - REQUEST IN: https://linear-a-bla.epyc.optusvideo.tv/v8/OSG11/dash-plain/dash.mpd (GET)
2025-04-06 08:49:24.823 T:2705    debug <general>: script.module.slyguy - REQUEST OUT: https://linear-a-bla.epyc.optusvideo.tv/v8/OSG11/dash-plain/dash.mpd (GET)
2025-04-06 08:49:24.831 T:2705    debug <general>: script.module.slyguy - REQUEST TIME: 0.008117198944091797
2025-04-06 08:49:24.831 T:2705    debug <general>: script.module.slyguy - RESPONSE IN: https://linear-a-bla.epyc.optusvideo.tv/v8/OSG11/dash-plain/dash.mpd (200)
2025-04-06 08:49:24.831 T:2705    debug <general>: script.module.slyguy - MIDDLEWARE: plugin
2025-04-06 08:49:24.832 T:2705    debug <general>: CScriptRunner: running add-on script Optus Sport('plugin://plugin.video.optus.sport/', '15', '?_=mpd_request&_path=special%3A%2F%2Ftemp%2Fproxy.middleware&url=https%3A%2F%2Flinear-a-bla.epyc.optusvideo.tv%2Fv8%2FOSG11%2Fdash-plain%2Fdash.mpd')
2025-04-06 08:49:24.833 T:2705    debug <general>: GetLanguageInvoker - Reusing LanguageInvokerThread 32 for script /storage/.kodi/addons/plugin.video.optus.sport/default.py
2025-04-06 08:49:24.833 T:1670    debug <general>: initializing python engine.
2025-04-06 08:49:24.833 T:1670    debug <general>: CPythonInvoker(32, /storage/.kodi/addons/plugin.video.optus.sport/default.py): start processing
2025-04-06 08:49:24.833 T:1670    debug <general>: CPythonInvoker(32): adding args:
2025-04-06 08:49:24.833 T:1670    debug <general>: CPythonInvoker(32):  plugin://plugin.video.optus.sport/
2025-04-06 08:49:24.833 T:1670    debug <general>: CPythonInvoker(32):  15
2025-04-06 08:49:24.833 T:1670    debug <general>: CPythonInvoker(32):  ?_=mpd_request&_path=special%3A%2F%2Ftemp%2Fproxy.middleware&url=https%3A%2F%2Flinear-a-bla.epyc.optusvideo.tv%2Fv8%2FOSG11%2Fdash-plain%2Fdash.mpd
2025-04-06 08:49:24.833 T:1670    debug <general>: CPythonInvoker(32):  resume:false
2025-04-06 08:49:24.833 T:1670    debug <general>: CPythonInvoker(32, /storage/.kodi/addons/plugin.video.optus.sport/default.py): entering source directory /storage/.kodi/addons/plugin.video.optus.sport
2025-04-06 08:49:24.833 T:1670    debug <general>: CPythonInvoker(32, /storage/.kodi/addons/plugin.video.optus.sport/default.py): instantiating addon using automatically obtained id of "plugin.video.optus.sport" dependent on version 0.0.0 of the xbmc.python api
2025-04-06 08:49:24.833 T:1670    debug <general>: plugin.video.optus.sport - SIGNAL: before_dispatch
2025-04-06 08:49:24.839 T:1670    debug <general>: plugin.video.optus.sport - Router Parsed: 'plugin://plugin.video.optus.sport/?_=mpd_request&_path=special%3A%2F%2Ftemp%2Fproxy.middleware&url=https%3A%2F%2Flinear-a-bla.epyc.optusvideo.tv%2Fv8%2FOSG11%2Fdash-plain%2Fdash.mpd' => mpd_request {'_path': 'special://temp/proxy.middleware', 'url': 'https://linear-a-bla.epyc.optusvideo.tv/v8/OSG11/dash-plain/dash.mpd', '_url': 'plugin://plugin.video.optus.sport/?_=mpd_request&_path=special%3A%2F%2Ftemp%2Fproxy.middleware&url=https%3A%2F%2Flinear-a-bla.epyc.optusvideo.tv%2Fv8%2FOSG11%2Fdash-plain%2Fdash.mpd'}
2025-04-06 08:49:24.839 T:1670    debug <general>: plugin.video.optus.sport - SIGNAL: after_dispatch
2025-04-06 08:49:24.839 T:1670    debug <general>: plugin.video.optus.sport - SIGNAL: on_close
2025-04-06 08:49:24.839 T:1670    debug <general>: CPythonInvoker(32, /storage/.kodi/addons/plugin.video.optus.sport/default.py): script successfully run
2025-04-06 08:49:24.839 T:2705    debug <general>: script.module.slyguy - RESPONSE OUT: https://linear-a-bla.epyc.optusvideo.tv/v8/OSG11/dash-plain/dash.mpd (200)
2025-04-06 08:49:24.840 T:1678    debug <general>: AddOnLog: inputstream.adaptive: Download finished: http://127.0.0.1:8095/https://linear-a-bla.epyc.optusvideo.tv/v8/OSG11/dash-plain/dash.mpd (downloaded 12957 byte, speed 680121.00 byte/s)
2025-04-06 08:49:24.840 T:1678    debug <general>: AddOnLog: inputstream.adaptive: Parsing Playready header version 4.0.0.0
2025-04-06 08:49:24.840 T:1678     info <general>: Skipped 3 duplicate messages..
2025-04-06 08:49:24.840 T:1678    debug <general>: AddOnLog: inputstream.adaptive: OnUpdateSegments: MPD update - Done (repr. id "_720p25avc", period id "1743893099520")
2025-04-06 08:49:24.840 T:1678    debug <general>: AddOnLog: inputstream.adaptive: OnUpdateSegments: MPD update - Done (repr. id "_audio", period id "1743893099520")
2025-04-06 08:49:25.278 T:1218    error <general>: EXCEPTION: Unknown addon id 'pvr.iptvsimple'.
2025-04-06 08:49:26.308 T:1682     info <general>: Skipped 1 duplicate messages..
2025-04-06 08:49:26.308 T:1682    debug <general>: CurlFile::Open - <http://127.0.0.1:8095/https://linear-a-bla.epyc.optusvideo.tv/v8/OSG11/dash-plain/segment__720p25avc_454138895.mp4>
2025-04-06 08:49:26.310 T:2818    debug <general>: script.module.slyguy - REQUEST IN: https://linear-a-bla.epyc.optusvideo.tv/v8/OSG11/dash-plain/segment__720p25avc_454138895.mp4 (GET)
2025-04-06 08:49:26.310 T:2818    debug <general>: script.module.slyguy - REQUEST OUT: https://linear-a-bla.epyc.optusvideo.tv/v8/OSG11/dash-plain/segment__720p25avc_454138895.mp4 (GET)
2025-04-06 08:49:26.317 T:2818    debug <general>: script.module.slyguy - REQUEST TIME: 0.0063211917877197266
2025-04-06 08:49:26.317 T:2818    debug <general>: script.module.slyguy - RESPONSE IN: https://linear-a-bla.epyc.optusvideo.tv/v8/OSG11/dash-plain/segment__720p25avc_454138895.mp4 (200)
2025-04-06 08:49:26.317 T:2818    debug <general>: script.module.slyguy - RESPONSE OUT: https://linear-a-bla.epyc.optusvideo.tv/v8/OSG11/dash-plain/segment__720p25avc_454138895.mp4 (200)
2025-04-06 08:49:26.350 T:1687    debug <general>: CurlFile::Open - <http://127.0.0.1:8095/https://linear-a-bla.epyc.optusvideo.tv/v8/OSG11/dash-plain/segment__audio_454138895.mp4>
2025-04-06 08:49:26.352 T:2823    debug <general>: script.module.slyguy - REQUEST IN: https://linear-a-bla.epyc.optusvideo.tv/v8/OSG11/dash-plain/segment__audio_454138895.mp4 (GET)
2025-04-06 08:49:26.352 T:2823    debug <general>: script.module.slyguy - REQUEST OUT: https://linear-a-bla.epyc.optusvideo.tv/v8/OSG11/dash-plain/segment__audio_454138895.mp4 (GET)
2025-04-06 08:49:26.374 T:2823    debug <general>: script.module.slyguy - REQUEST TIME: 0.02180647850036621
2025-04-06 08:49:26.374 T:2823    debug <general>: script.module.slyguy - RESPONSE IN: https://linear-a-bla.epyc.optusvideo.tv/v8/OSG11/dash-plain/segment__audio_454138895.mp4 (200)
2025-04-06 08:49:26.374 T:2823    debug <general>: script.module.slyguy - RESPONSE OUT: https://linear-a-bla.epyc.optusvideo.tv/v8/OSG11/dash-plain/segment__audio_454138895.mp4 (200)
2025-04-06 08:49:26.380 T:1687    debug <general>: AddOnLog: inputstream.adaptive: [AS-1] Download finished: http://127.0.0.1:8095/https://linear-a-bla.epyc.optusvideo.tv/v8/OSG11/dash-plain/segment__audio_454138895.mp4 (downloaded 64682 byte, speed 2210368.00 byte/s)
2025-04-06 08:49:26.426 T:1682    debug <general>: AddOnLog: inputstream.adaptive: [AS-0] Download finished: http://127.0.0.1:8095/https://linear-a-bla.epyc.optusvideo.tv/v8/OSG11/dash-plain/segment__720p25avc_454138895.mp4 (downloaded 1490601 byte, speed 12677873.00 byte/s)
2025-04-06 08:49:27.284 T:1218    error <general>: EXCEPTION: Unknown addon id 'pvr.iptvsimple'.
2025-04-06 08:49:28.840 T:1678     info <general>: Skipped 1 duplicate messages..
2025-04-06 08:49:28.840 T:1678    debug <general>: CurlFile::Open - <http://127.0.0.1:8095/https://linear-a-bla.epyc.optusvideo.tv/v8/OSG11/dash-plain/dash.mpd>
2025-04-06 08:49:28.841 T:3005    debug <general>: script.module.slyguy - REQUEST IN: https://linear-a-bla.epyc.optusvideo.tv/v8/OSG11/dash-plain/dash.mpd (GET)
2025-04-06 08:49:28.841 T:3005    debug <general>: script.module.slyguy - REQUEST OUT: https://linear-a-bla.epyc.optusvideo.tv/v8/OSG11/dash-plain/dash.mpd (GET)
2025-04-06 08:49:28.845 T:3005    debug <general>: script.module.slyguy - REQUEST TIME: 0.0037660598754882812
2025-04-06 08:49:28.845 T:3005    debug <general>: script.module.slyguy - RESPONSE IN: https://linear-a-bla.epyc.optusvideo.tv/v8/OSG11/dash-plain/dash.mpd (200)
2025-04-06 08:49:28.845 T:3005    debug <general>: script.module.slyguy - MIDDLEWARE: plugin
2025-04-06 08:49:28.845 T:3005    debug <general>: CScriptRunner: running add-on script Optus Sport('plugin://plugin.video.optus.sport/', '15', '?_=mpd_request&_path=special%3A%2F%2Ftemp%2Fproxy.middleware&url=https%3A%2F%2Flinear-a-bla.epyc.optusvideo.tv%2Fv8%2FOSG11%2Fdash-plain%2Fdash.mpd')
2025-04-06 08:49:28.845 T:3005    debug <general>: GetLanguageInvoker - Reusing LanguageInvokerThread 32 for script /storage/.kodi/addons/plugin.video.optus.sport/default.py
2025-04-06 08:49:28.845 T:1670    debug <general>: initializing python engine.
2025-04-06 08:49:28.845 T:1670    debug <general>: CPythonInvoker(32, /storage/.kodi/addons/plugin.video.optus.sport/default.py): start processing
2025-04-06 08:49:28.845 T:1670    debug <general>: CPythonInvoker(32): adding args:
2025-04-06 08:49:28.845 T:1670    debug <general>: CPythonInvoker(32):  plugin://plugin.video.optus.sport/
2025-04-06 08:49:28.845 T:1670    debug <general>: CPythonInvoker(32):  15
2025-04-06 08:49:28.845 T:1670    debug <general>: CPythonInvoker(32):  ?_=mpd_request&_path=special%3A%2F%2Ftemp%2Fproxy.middleware&url=https%3A%2F%2Flinear-a-bla.epyc.optusvideo.tv%2Fv8%2FOSG11%2Fdash-plain%2Fdash.mpd
2025-04-06 08:49:28.845 T:1670    debug <general>: CPythonInvoker(32):  resume:false
2025-04-06 08:49:28.845 T:1670    debug <general>: CPythonInvoker(32, /storage/.kodi/addons/plugin.video.optus.sport/default.py): entering source directory /storage/.kodi/addons/plugin.video.optus.sport
2025-04-06 08:49:28.845 T:1670    debug <general>: CPythonInvoker(32, /storage/.kodi/addons/plugin.video.optus.sport/default.py): instantiating addon using automatically obtained id of "plugin.video.optus.sport" dependent on version 0.0.0 of the xbmc.python api
2025-04-06 08:49:28.846 T:1670    debug <general>: plugin.video.optus.sport - SIGNAL: before_dispatch
2025-04-06 08:49:28.847 T:1670    debug <general>: plugin.video.optus.sport - Router Parsed: 'plugin://plugin.video.optus.sport/?_=mpd_request&_path=special%3A%2F%2Ftemp%2Fproxy.middleware&url=https%3A%2F%2Flinear-a-bla.epyc.optusvideo.tv%2Fv8%2FOSG11%2Fdash-plain%2Fdash.mpd' => mpd_request {'_path': 'special://temp/proxy.middleware', 'url': 'https://linear-a-bla.epyc.optusvideo.tv/v8/OSG11/dash-plain/dash.mpd', '_url': 'plugin://plugin.video.optus.sport/?_=mpd_request&_path=special%3A%2F%2Ftemp%2Fproxy.middleware&url=https%3A%2F%2Flinear-a-bla.epyc.optusvideo.tv%2Fv8%2FOSG11%2Fdash-plain%2Fdash.mpd'}
2025-04-06 08:49:28.848 T:1670    debug <general>: plugin.video.optus.sport - SIGNAL: after_dispatch
2025-04-06 08:49:28.848 T:1670    debug <general>: plugin.video.optus.sport - SIGNAL: on_close
2025-04-06 08:49:28.848 T:1670    debug <general>: CPythonInvoker(32, /storage/.kodi/addons/plugin.video.optus.sport/default.py): script successfully run
2025-04-06 08:49:28.848 T:3005    debug <general>: script.module.slyguy - RESPONSE OUT: https://linear-a-bla.epyc.optusvideo.tv/v8/OSG11/dash-plain/dash.mpd (200)
2025-04-06 08:49:28.848 T:1678    debug <general>: AddOnLog: inputstream.adaptive: Download finished: http://127.0.0.1:8095/https://linear-a-bla.epyc.optusvideo.tv/v8/OSG11/dash-plain/dash.mpd (downloaded 12957 byte, speed 1598051.00 byte/s)
2025-04-06 08:49:28.848 T:1678    debug <general>: AddOnLog: inputstream.adaptive: Parsing Playready header version 4.0.0.0
2025-04-06 08:49:28.849 T:1678     info <general>: Skipped 3 duplicate messages..
2025-04-06 08:49:28.849 T:1678    debug <general>: AddOnLog: inputstream.adaptive: OnUpdateSegments: MPD update - Done (repr. id "_720p25avc", period id "1743893099520")
2025-04-06 08:49:28.849 T:1678    debug <general>: AddOnLog: inputstream.adaptive: OnUpdateSegments: MPD update - Done (repr. id "_audio", period id "1743893099520")
2025-04-06 08:49:29.291 T:1218    error <general>: EXCEPTION: Unknown addon id 'pvr.iptvsimple'.
2025-04-06 08:49:30.160 T:1682    debug <general>: CurlFile::Open - <http://127.0.0.1:8095/https://linear-a-bla.epyc.optusvideo.tv/v8/OSG11/dash-plain/segment__720p25avc_454138896.mp4>
2025-04-06 08:49:30.160 T:3103    debug <general>: script.module.slyguy - REQUEST IN: https://linear-a-bla.epyc.optusvideo.tv/v8/OSG11/dash-plain/segment__720p25avc_454138896.mp4 (GET)
2025-04-06 08:49:30.160 T:3103    debug <general>: script.module.slyguy - REQUEST OUT: https://linear-a-bla.epyc.optusvideo.tv/v8/OSG11/dash-plain/segment__720p25avc_454138896.mp4 (GET)
2025-04-06 08:49:30.165 T:3103    debug <general>: script.module.slyguy - REQUEST TIME: 0.004491567611694336
2025-04-06 08:49:30.165 T:3103    debug <general>: script.module.slyguy - RESPONSE IN: https://linear-a-bla.epyc.optusvideo.tv/v8/OSG11/dash-plain/segment__720p25avc_454138896.mp4 (200)
2025-04-06 08:49:30.165 T:3103    debug <general>: script.module.slyguy - RESPONSE OUT: https://linear-a-bla.epyc.optusvideo.tv/v8/OSG11/dash-plain/segment__720p25avc_454138896.mp4 (200)
2025-04-06 08:49:30.190 T:1687    debug <general>: CurlFile::Open - <http://127.0.0.1:8095/https://linear-a-bla.epyc.optusvideo.tv/v8/OSG11/dash-plain/segment__audio_454138896.mp4>
2025-04-06 08:49:30.192 T:3106    debug <general>: script.module.slyguy - REQUEST IN: https://linear-a-bla.epyc.optusvideo.tv/v8/OSG11/dash-plain/segment__audio_454138896.mp4 (GET)
2025-04-06 08:49:30.193 T:3106    debug <general>: script.module.slyguy - REQUEST OUT: https://linear-a-bla.epyc.optusvideo.tv/v8/OSG11/dash-plain/segment__audio_454138896.mp4 (GET)
2025-04-06 08:49:30.217 T:3106    debug <general>: script.module.slyguy - REQUEST TIME: 0.024383068084716797
2025-04-06 08:49:30.217 T:3106    debug <general>: script.module.slyguy - RESPONSE IN: https://linear-a-bla.epyc.optusvideo.tv/v8/OSG11/dash-plain/segment__audio_454138896.mp4 (200)
2025-04-06 08:49:30.218 T:3106    debug <general>: script.module.slyguy - RESPONSE OUT: https://linear-a-bla.epyc.optusvideo.tv/v8/OSG11/dash-plain/segment__audio_454138896.mp4 (200)
2025-04-06 08:49:30.223 T:1687    debug <general>: AddOnLog: inputstream.adaptive: [AS-1] Download finished: http://127.0.0.1:8095/https://linear-a-bla.epyc.optusvideo.tv/v8/OSG11/dash-plain/segment__audio_454138896.mp4 (downloaded 64669 byte, speed 1993372.00 byte/s)
2025-04-06 08:49:30.249 T:1682    debug <general>: AddOnLog: inputstream.adaptive: [AS-0] Download finished: http://127.0.0.1:8095/https://linear-a-bla.epyc.optusvideo.tv/v8/OSG11/dash-plain/segment__720p25avc_454138896.mp4 (downloaded 1113407 byte, speed 12508223.00 byte/s)
2025-04-06 08:49:30.294 T:1218    error <general>: EXCEPTION: Unknown addon id 'pvr.iptvsimple'.
2025-04-06 08:49:32.849 T:1678     info <general>: Skipped 2 duplicate messages..
2025-04-06 08:49:32.849 T:1678    debug <general>: CurlFile::Open - <http://127.0.0.1:8095/https://linear-a-bla.epyc.optusvideo.tv/v8/OSG11/dash-plain/dash.mpd>
2025-04-06 08:49:32.851 T:3299    debug <general>: script.module.slyguy - REQUEST IN: https://linear-a-bla.epyc.optusvideo.tv/v8/OSG11/dash-plain/dash.mpd (GET)
2025-04-06 08:49:32.851 T:3299    debug <general>: script.module.slyguy - REQUEST OUT: https://linear-a-bla.epyc.optusvideo.tv/v8/OSG11/dash-plain/dash.mpd (GET)
2025-04-06 08:49:32.859 T:3299    debug <general>: script.module.slyguy - REQUEST TIME: 0.007250785827636719
2025-04-06 08:49:32.859 T:3299    debug <general>: script.module.slyguy - RESPONSE IN: https://linear-a-bla.epyc.optusvideo.tv/v8/OSG11/dash-plain/dash.mpd (200)
2025-04-06 08:49:32.859 T:3299    debug <general>: script.module.slyguy - MIDDLEWARE: plugin
2025-04-06 08:49:32.860 T:3299    debug <general>: CScriptRunner: running add-on script Optus Sport('plugin://plugin.video.optus.sport/', '15', '?_=mpd_request&_path=special%3A%2F%2Ftemp%2Fproxy.middleware&url=https%3A%2F%2Flinear-a-bla.epyc.optusvideo.tv%2Fv8%2FOSG11%2Fdash-plain%2Fdash.mpd')
2025-04-06 08:49:32.860 T:3299    debug <general>: GetLanguageInvoker - Reusing LanguageInvokerThread 32 for script /storage/.kodi/addons/plugin.video.optus.sport/default.py
2025-04-06 08:49:32.861 T:1670    debug <general>: initializing python engine.
2025-04-06 08:49:32.861 T:1670    debug <general>: CPythonInvoker(32, /storage/.kodi/addons/plugin.video.optus.sport/default.py): start processing
2025-04-06 08:49:32.861 T:1670    debug <general>: CPythonInvoker(32): adding args:
2025-04-06 08:49:32.861 T:1670    debug <general>: CPythonInvoker(32):  plugin://plugin.video.optus.sport/
2025-04-06 08:49:32.861 T:1670    debug <general>: CPythonInvoker(32):  15
2025-04-06 08:49:32.861 T:1670    debug <general>: CPythonInvoker(32):  ?_=mpd_request&_path=special%3A%2F%2Ftemp%2Fproxy.middleware&url=https%3A%2F%2Flinear-a-bla.epyc.optusvideo.tv%2Fv8%2FOSG11%2Fdash-plain%2Fdash.mpd
2025-04-06 08:49:32.861 T:1670    debug <general>: CPythonInvoker(32):  resume:false
2025-04-06 08:49:32.861 T:1670    debug <general>: CPythonInvoker(32, /storage/.kodi/addons/plugin.video.optus.sport/default.py): entering source directory /storage/.kodi/addons/plugin.video.optus.sport
2025-04-06 08:49:32.861 T:1670    debug <general>: CPythonInvoker(32, /storage/.kodi/addons/plugin.video.optus.sport/default.py): instantiating addon using automatically obtained id of "plugin.video.optus.sport" dependent on version 0.0.0 of the xbmc.python api
2025-04-06 08:49:32.861 T:1670    debug <general>: plugin.video.optus.sport - SIGNAL: before_dispatch
2025-04-06 08:49:32.867 T:1670    debug <general>: plugin.video.optus.sport - Router Parsed: 'plugin://plugin.video.optus.sport/?_=mpd_request&_path=special%3A%2F%2Ftemp%2Fproxy.middleware&url=https%3A%2F%2Flinear-a-bla.epyc.optusvideo.tv%2Fv8%2FOSG11%2Fdash-plain%2Fdash.mpd' => mpd_request {'_path': 'special://temp/proxy.middleware', 'url': 'https://linear-a-bla.epyc.optusvideo.tv/v8/OSG11/dash-plain/dash.mpd', '_url': 'plugin://plugin.video.optus.sport/?_=mpd_request&_path=special%3A%2F%2Ftemp%2Fproxy.middleware&url=https%3A%2F%2Flinear-a-bla.epyc.optusvideo.tv%2Fv8%2FOSG11%2Fdash-plain%2Fdash.mpd'}
2025-04-06 08:49:32.870 T:1670    debug <general>: plugin.video.optus.sport - SIGNAL: after_dispatch
2025-04-06 08:49:32.870 T:1670    debug <general>: plugin.video.optus.sport - SIGNAL: on_close
2025-04-06 08:49:32.870 T:1670    debug <general>: CPythonInvoker(32, /storage/.kodi/addons/plugin.video.optus.sport/default.py): script successfully run
2025-04-06 08:49:32.871 T:3299    debug <general>: script.module.slyguy - RESPONSE OUT: https://linear-a-bla.epyc.optusvideo.tv/v8/OSG11/dash-plain/dash.mpd (200)
2025-04-06 08:49:32.872 T:1678    debug <general>: AddOnLog: inputstream.adaptive: Download finished: http://127.0.0.1:8095/https://linear-a-bla.epyc.optusvideo.tv/v8/OSG11/dash-plain/dash.mpd (downloaded 12955 byte, speed 581150.00 byte/s)
2025-04-06 08:49:32.872 T:1678    debug <general>: AddOnLog: inputstream.adaptive: Parsing Playready header version 4.0.0.0
2025-04-06 08:49:32.872 T:1678     info <general>: Skipped 3 duplicate messages..
2025-04-06 08:49:32.872 T:1678    debug <general>: AddOnLog: inputstream.adaptive: OnUpdateSegments: MPD update - Done (repr. id "_720p25avc", period id "1743893099520")
2025-04-06 08:49:32.872 T:1678    debug <general>: AddOnLog: inputstream.adaptive: OnUpdateSegments: MPD update - Done (repr. id "_audio", period id "1743893099520")
2025-04-06 08:49:33.302 T:1218    error <general>: EXCEPTION: Unknown addon id 'pvr.iptvsimple'.
2025-04-06 08:49:34.001 T:1682    debug <general>: CurlFile::Open - <http://127.0.0.1:8095/https://linear-a-bla.epyc.optusvideo.tv/v8/OSG11/dash-plain/segment__720p25avc_454138897.mp4>
2025-04-06 08:49:34.002 T:3387    debug <general>: script.module.slyguy - REQUEST IN: https://linear-a-bla.epyc.optusvideo.tv/v8/OSG11/dash-plain/segment__720p25avc_454138897.mp4 (GET)
2025-04-06 08:49:34.003 T:3387    debug <general>: script.module.slyguy - REQUEST OUT: https://linear-a-bla.epyc.optusvideo.tv/v8/OSG11/dash-plain/segment__720p25avc_454138897.mp4 (GET)
2025-04-06 08:49:34.012 T:3387    debug <general>: script.module.slyguy - REQUEST TIME: 0.004461050033569336
2025-04-06 08:49:34.012 T:3387    debug <general>: script.module.slyguy - RESPONSE IN: https://linear-a-bla.epyc.optusvideo.tv/v8/OSG11/dash-plain/segment__720p25avc_454138897.mp4 (200)
2025-04-06 08:49:34.012 T:3387    debug <general>: script.module.slyguy - RESPONSE OUT: https://linear-a-bla.epyc.optusvideo.tv/v8/OSG11/dash-plain/segment__720p25avc_454138897.mp4 (200)
2025-04-06 08:49:34.031 T:1687    debug <general>: CurlFile::Open - <http://127.0.0.1:8095/https://linear-a-bla.epyc.optusvideo.tv/v8/OSG11/dash-plain/segment__audio_454138897.mp4>
2025-04-06 08:49:34.032 T:3391    debug <general>: script.module.slyguy - REQUEST IN: https://linear-a-bla.epyc.optusvideo.tv/v8/OSG11/dash-plain/segment__audio_454138897.mp4 (GET)
2025-04-06 08:49:34.032 T:3391    debug <general>: script.module.slyguy - REQUEST OUT: https://linear-a-bla.epyc.optusvideo.tv/v8/OSG11/dash-plain/segment__audio_454138897.mp4 (GET)
2025-04-06 08:49:34.062 T:3391    debug <general>: script.module.slyguy - REQUEST TIME: 0.029570341110229492
2025-04-06 08:49:34.062 T:3391    debug <general>: script.module.slyguy - RESPONSE IN: https://linear-a-bla.epyc.optusvideo.tv/v8/OSG11/dash-plain/segment__audio_454138897.mp4 (200)
2025-04-06 08:49:34.062 T:3391    debug <general>: script.module.slyguy - RESPONSE OUT: https://linear-a-bla.epyc.optusvideo.tv/v8/OSG11/dash-plain/segment__audio_454138897.mp4 (200)
2025-04-06 08:49:34.068 T:1687    debug <general>: AddOnLog: inputstream.adaptive: [AS-1] Download finished: http://127.0.0.1:8095/https://linear-a-bla.epyc.optusvideo.tv/v8/OSG11/dash-plain/segment__audio_454138897.mp4 (downloaded 64667 byte, speed 1762187.00 byte/s)
2025-04-06 08:49:34.191 T:1682    debug <general>: AddOnLog: inputstream.adaptive: [AS-0] Download finished: http://127.0.0.1:8095/https://linear-a-bla.epyc.optusvideo.tv/v8/OSG11/dash-plain/segment__720p25avc_454138897.mp4 (downloaded 2438274 byte, speed 12861723.00 byte/s)
2025-04-06 08:49:34.305 T:1218    error <general>: EXCEPTION: Unknown addon id 'pvr.iptvsimple'.
2025-04-06 08:49:36.873 T:1678     info <general>: Skipped 2 duplicate messages..
2025-04-06 08:49:36.873 T:1678    debug <general>: CurlFile::Open - <http://127.0.0.1:8095/https://linear-a-bla.epyc.optusvideo.tv/v8/OSG11/dash-plain/dash.mpd>
2025-04-06 08:49:36.875 T:3597    debug <general>: script.module.slyguy - REQUEST IN: https://linear-a-bla.epyc.optusvideo.tv/v8/OSG11/dash-plain/dash.mpd (GET)
2025-04-06 08:49:36.875 T:3597    debug <general>: script.module.slyguy - REQUEST OUT: https://linear-a-bla.epyc.optusvideo.tv/v8/OSG11/dash-plain/dash.mpd (GET)
2025-04-06 08:49:36.883 T:3597    debug <general>: script.module.slyguy - REQUEST TIME: 0.00746464729309082
2025-04-06 08:49:36.883 T:3597    debug <general>: script.module.slyguy - RESPONSE IN: https://linear-a-bla.epyc.optusvideo.tv/v8/OSG11/dash-plain/dash.mpd (200)
2025-04-06 08:49:36.883 T:3597    debug <general>: script.module.slyguy - MIDDLEWARE: plugin
2025-04-06 08:49:36.884 T:3597    debug <general>: CScriptRunner: running add-on script Optus Sport('plugin://plugin.video.optus.sport/', '15', '?_=mpd_request&_path=special%3A%2F%2Ftemp%2Fproxy.middleware&url=https%3A%2F%2Flinear-a-bla.epyc.optusvideo.tv%2Fv8%2FOSG11%2Fdash-plain%2Fdash.mpd')
2025-04-06 08:49:36.884 T:3597    debug <general>: GetLanguageInvoker - Reusing LanguageInvokerThread 32 for script /storage/.kodi/addons/plugin.video.optus.sport/default.py
2025-04-06 08:49:36.885 T:1670    debug <general>: initializing python engine.
2025-04-06 08:49:36.885 T:1670    debug <general>: CPythonInvoker(32, /storage/.kodi/addons/plugin.video.optus.sport/default.py): start processing
2025-04-06 08:49:36.885 T:1670    debug <general>: CPythonInvoker(32): adding args:
2025-04-06 08:49:36.885 T:1670    debug <general>: CPythonInvoker(32):  plugin://plugin.video.optus.sport/
2025-04-06 08:49:36.885 T:1670    debug <general>: CPythonInvoker(32):  15
2025-04-06 08:49:36.885 T:1670    debug <general>: CPythonInvoker(32):  ?_=mpd_request&_path=special%3A%2F%2Ftemp%2Fproxy.middleware&url=https%3A%2F%2Flinear-a-bla.epyc.optusvideo.tv%2Fv8%2FOSG11%2Fdash-plain%2Fdash.mpd
2025-04-06 08:49:36.885 T:1670    debug <general>: CPythonInvoker(32):  resume:false
2025-04-06 08:49:36.885 T:1670    debug <general>: CPythonInvoker(32, /storage/.kodi/addons/plugin.video.optus.sport/default.py): entering source directory /storage/.kodi/addons/plugin.video.optus.sport
2025-04-06 08:49:36.885 T:1670    debug <general>: CPythonInvoker(32, /storage/.kodi/addons/plugin.video.optus.sport/default.py): instantiating addon using automatically obtained id of "plugin.video.optus.sport" dependent on version 0.0.0 of the xbmc.python api
2025-04-06 08:49:36.885 T:1670    debug <general>: plugin.video.optus.sport - SIGNAL: before_dispatch
2025-04-06 08:49:36.890 T:1670    debug <general>: plugin.video.optus.sport - Router Parsed: 'plugin://plugin.video.optus.sport/?_=mpd_request&_path=special%3A%2F%2Ftemp%2Fproxy.middleware&url=https%3A%2F%2Flinear-a-bla.epyc.optusvideo.tv%2Fv8%2FOSG11%2Fdash-plain%2Fdash.mpd' => mpd_request {'_path': 'special://temp/proxy.middleware', 'url': 'https://linear-a-bla.epyc.optusvideo.tv/v8/OSG11/dash-plain/dash.mpd', '_url': 'plugin://plugin.video.optus.sport/?_=mpd_request&_path=special%3A%2F%2Ftemp%2Fproxy.middleware&url=https%3A%2F%2Flinear-a-bla.epyc.optusvideo.tv%2Fv8%2FOSG11%2Fdash-plain%2Fdash.mpd'}
2025-04-06 08:49:36.891 T:1670    debug <general>: plugin.video.optus.sport - SIGNAL: after_dispatch
2025-04-06 08:49:36.891 T:1670    debug <general>: plugin.video.optus.sport - SIGNAL: on_close
2025-04-06 08:49:36.891 T:1670    debug <general>: CPythonInvoker(32, /storage/.kodi/addons/plugin.video.optus.sport/default.py): script successfully run
2025-04-06 08:49:36.891 T:3597    debug <general>: script.module.slyguy - RESPONSE OUT: https://linear-a-bla.epyc.optusvideo.tv/v8/OSG11/dash-plain/dash.mpd (200)
2025-04-06 08:49:36.892 T:1678    debug <general>: AddOnLog: inputstream.adaptive: Download finished: http://127.0.0.1:8095/https://linear-a-bla.epyc.optusvideo.tv/v8/OSG11/dash-plain/dash.mpd (downloaded 12955 byte, speed 703426.00 byte/s)
2025-04-06 08:49:36.892 T:1678    debug <general>: AddOnLog: inputstream.adaptive: Parsing Playready header version 4.0.0.0
2025-04-06 08:49:36.892 T:1678     info <general>: Skipped 3 duplicate messages..
2025-04-06 08:49:36.892 T:1678    debug <general>: AddOnLog: inputstream.adaptive: OnUpdateSegments: MPD update - Done (repr. id "_720p25avc", period id "1743893099520")
2025-04-06 08:49:36.892 T:1678    debug <general>: AddOnLog: inputstream.adaptive: OnUpdateSegments: MPD update - Done (repr. id "_audio", period id "1743893099520")
2025-04-06 08:49:37.314 T:1218    error <general>: EXCEPTION: Unknown addon id 'pvr.iptvsimple'.
2025-04-06 08:49:37.837 T:3667    debug <general>: AddOnLog: inputstream.adaptive: [Repr. chooser] Current average bandwidth: 99371689 bit/s (filtered to 89434520 bit/s)
2025-04-06 08:49:37.837 T:1682    debug <general>: CurlFile::Open - <http://127.0.0.1:8095/https://linear-a-bla.epyc.optusvideo.tv/v8/OSG11/dash-plain/segment__720p25avc_454138898.mp4>
2025-04-06 08:49:37.839 T:3668    debug <general>: script.module.slyguy - REQUEST IN: https://linear-a-bla.epyc.optusvideo.tv/v8/OSG11/dash-plain/segment__720p25avc_454138898.mp4 (GET)
2025-04-06 08:49:37.839 T:3668    debug <general>: script.module.slyguy - REQUEST OUT: https://linear-a-bla.epyc.optusvideo.tv/v8/OSG11/dash-plain/segment__720p25avc_454138898.mp4 (GET)
2025-04-06 08:49:37.848 T:3668    debug <general>: script.module.slyguy - REQUEST TIME: 0.008643865585327148
2025-04-06 08:49:37.848 T:3668    debug <general>: script.module.slyguy - RESPONSE IN: https://linear-a-bla.epyc.optusvideo.tv/v8/OSG11/dash-plain/segment__720p25avc_454138898.mp4 (200)
2025-04-06 08:49:37.848 T:3668    debug <general>: script.module.slyguy - RESPONSE OUT: https://linear-a-bla.epyc.optusvideo.tv/v8/OSG11/dash-plain/segment__720p25avc_454138898.mp4 (200)
2025-04-06 08:49:37.879 T:1687    debug <general>: CurlFile::Open - <http://127.0.0.1:8095/https://linear-a-bla.epyc.optusvideo.tv/v8/OSG11/dash-plain/segment__audio_454138898.mp4>
2025-04-06 08:49:37.881 T:3673    debug <general>: script.module.slyguy - REQUEST IN: https://linear-a-bla.epyc.optusvideo.tv/v8/OSG11/dash-plain/segment__audio_454138898.mp4 (GET)
2025-04-06 08:49:37.881 T:3673    debug <general>: script.module.slyguy - REQUEST OUT: https://linear-a-bla.epyc.optusvideo.tv/v8/OSG11/dash-plain/segment__audio_454138898.mp4 (GET)
2025-04-06 08:49:37.913 T:3673    debug <general>: script.module.slyguy - REQUEST TIME: 0.03106093406677246
2025-04-06 08:49:37.913 T:3673    debug <general>: script.module.slyguy - RESPONSE IN: https://linear-a-bla.epyc.optusvideo.tv/v8/OSG11/dash-plain/segment__audio_454138898.mp4 (200)
2025-04-06 08:49:37.913 T:3673    debug <general>: script.module.slyguy - RESPONSE OUT: https://linear-a-bla.epyc.optusvideo.tv/v8/OSG11/dash-plain/segment__audio_454138898.mp4 (200)
2025-04-06 08:49:37.921 T:1687    debug <general>: AddOnLog: inputstream.adaptive: [AS-1] Download finished: http://127.0.0.1:8095/https://linear-a-bla.epyc.optusvideo.tv/v8/OSG11/dash-plain/segment__audio_454138898.mp4 (downloaded 64661 byte, speed 1564959.00 byte/s)
2025-04-06 08:49:37.921 T:1687    debug <general>: CurlFile::Open - <http://127.0.0.1:8095/https://linear-a-bla.epyc.optusvideo.tv/v8/OSG11/dash-plain/segment__audio_454138899.mp4>
2025-04-06 08:49:37.923 T:3677    debug <general>: script.module.slyguy - REQUEST IN: https://linear-a-bla.epyc.optusvideo.tv/v8/OSG11/dash-plain/segment__audio_454138899.mp4 (GET)
2025-04-06 08:49:37.923 T:3677    debug <general>: script.module.slyguy - REQUEST OUT: https://linear-a-bla.epyc.optusvideo.tv/v8/OSG11/dash-plain/segment__audio_454138899.mp4 (GET)
2025-04-06 08:49:37.957 T:3677    debug <general>: script.module.slyguy - REQUEST TIME: 0.033368587493896484
2025-04-06 08:49:37.957 T:3677    debug <general>: script.module.slyguy - RESPONSE IN: https://linear-a-bla.epyc.optusvideo.tv/v8/OSG11/dash-plain/segment__audio_454138899.mp4 (200)
2025-04-06 08:49:37.957 T:3677    debug <general>: script.module.slyguy - RESPONSE OUT: https://linear-a-bla.epyc.optusvideo.tv/v8/OSG11/dash-plain/segment__audio_454138899.mp4 (200)
2025-04-06 08:49:37.961 T:1687    debug <general>: AddOnLog: inputstream.adaptive: [AS-1] Download finished: http://127.0.0.1:8095/https://linear-a-bla.epyc.optusvideo.tv/v8/OSG11/dash-plain/segment__audio_454138899.mp4 (downloaded 65048 byte, speed 1636715.00 byte/s)
2025-04-06 08:49:38.022 T:1682    debug <general>: AddOnLog: inputstream.adaptive: [AS-0] Download finished: http://127.0.0.1:8095/https://linear-a-bla.epyc.optusvideo.tv/v8/OSG11/dash-plain/segment__720p25avc_454138898.mp4 (downloaded 2333124 byte, speed 12652859.00 byte/s)
2025-04-06 08:49:38.022 T:1682    debug <general>: CurlFile::Open - <http://127.0.0.1:8095/https://linear-a-bla.epyc.optusvideo.tv/v8/OSG11/dash-plain/segment__720p25avc_454138899.mp4>
2025-04-06 08:49:38.024 T:3683    debug <general>: script.module.slyguy - REQUEST IN: https://linear-a-bla.epyc.optusvideo.tv/v8/OSG11/dash-plain/segment__720p25avc_454138899.mp4 (GET)
2025-04-06 08:49:38.024 T:3683    debug <general>: script.module.slyguy - REQUEST OUT: https://linear-a-bla.epyc.optusvideo.tv/v8/OSG11/dash-plain/segment__720p25avc_454138899.mp4 (GET)
2025-04-06 08:49:38.032 T:3683    debug <general>: script.module.slyguy - REQUEST TIME: 0.007511138916015625
2025-04-06 08:49:38.032 T:3683    debug <general>: script.module.slyguy - RESPONSE IN: https://linear-a-bla.epyc.optusvideo.tv/v8/OSG11/dash-plain/segment__720p25avc_454138899.mp4 (200)
2025-04-06 08:49:38.032 T:3683    debug <general>: script.module.slyguy - RESPONSE OUT: https://linear-a-bla.epyc.optusvideo.tv/v8/OSG11/dash-plain/segment__720p25avc_454138899.mp4 (200)
2025-04-06 08:49:38.178 T:1682    debug <general>: AddOnLog: inputstream.adaptive: [AS-0] Download finished: http://127.0.0.1:8095/https://linear-a-bla.epyc.optusvideo.tv/v8/OSG11/dash-plain/segment__720p25avc_454138899.mp4 (downloaded 2065333 byte, speed 13291286.00 byte/s)
2025-04-06 08:49:38.318 T:1218    error <general>: EXCEPTION: Unknown addon id 'pvr.iptvsimple'.
2025-04-06 08:49:40.893 T:1678     info <general>: Skipped 2 duplicate messages..
2025-04-06 08:49:40.893 T:1678    debug <general>: CurlFile::Open - <http://127.0.0.1:8095/https://linear-a-bla.epyc.optusvideo.tv/v8/OSG11/dash-plain/dash.mpd>
2025-04-06 08:49:40.894 T:3893    debug <general>: script.module.slyguy - REQUEST IN: https://linear-a-bla.epyc.optusvideo.tv/v8/OSG11/dash-plain/dash.mpd (GET)
2025-04-06 08:49:40.895 T:3893    debug <general>: script.module.slyguy - REQUEST OUT: https://linear-a-bla.epyc.optusvideo.tv/v8/OSG11/dash-plain/dash.mpd (GET)
2025-04-06 08:49:40.903 T:3893    debug <general>: script.module.slyguy - REQUEST TIME: 0.0077838897705078125
2025-04-06 08:49:40.903 T:3893    debug <general>: script.module.slyguy - RESPONSE IN: https://linear-a-bla.epyc.optusvideo.tv/v8/OSG11/dash-plain/dash.mpd (200)
2025-04-06 08:49:40.903 T:3893    debug <general>: script.module.slyguy - MIDDLEWARE: plugin
2025-04-06 08:49:40.904 T:3893    debug <general>: CScriptRunner: running add-on script Optus Sport('plugin://plugin.video.optus.sport/', '15', '?_=mpd_request&_path=special%3A%2F%2Ftemp%2Fproxy.middleware&url=https%3A%2F%2Flinear-a-bla.epyc.optusvideo.tv%2Fv8%2FOSG11%2Fdash-plain%2Fdash.mpd')
2025-04-06 08:49:40.904 T:3893    debug <general>: GetLanguageInvoker - Reusing LanguageInvokerThread 32 for script /storage/.kodi/addons/plugin.video.optus.sport/default.py
2025-04-06 08:49:40.904 T:1670    debug <general>: initializing python engine.
2025-04-06 08:49:40.905 T:1670    debug <general>: CPythonInvoker(32, /storage/.kodi/addons/plugin.video.optus.sport/default.py): start processing
2025-04-06 08:49:40.905 T:1670    debug <general>: CPythonInvoker(32): adding args:
2025-04-06 08:49:40.905 T:1670    debug <general>: CPythonInvoker(32):  plugin://plugin.video.optus.sport/
2025-04-06 08:49:40.905 T:1670    debug <general>: CPythonInvoker(32):  15
2025-04-06 08:49:40.905 T:1670    debug <general>: CPythonInvoker(32):  ?_=mpd_request&_path=special%3A%2F%2Ftemp%2Fproxy.middleware&url=https%3A%2F%2Flinear-a-bla.epyc.optusvideo.tv%2Fv8%2FOSG11%2Fdash-plain%2Fdash.mpd
2025-04-06 08:49:40.905 T:1670    debug <general>: CPythonInvoker(32):  resume:false
2025-04-06 08:49:40.905 T:1670    debug <general>: CPythonInvoker(32, /storage/.kodi/addons/plugin.video.optus.sport/default.py): entering source directory /storage/.kodi/addons/plugin.video.optus.sport
2025-04-06 08:49:40.905 T:1670    debug <general>: CPythonInvoker(32, /storage/.kodi/addons/plugin.video.optus.sport/default.py): instantiating addon using automatically obtained id of "plugin.video.optus.sport" dependent on version 0.0.0 of the xbmc.python api
2025-04-06 08:49:40.905 T:1670    debug <general>: plugin.video.optus.sport - SIGNAL: before_dispatch
2025-04-06 08:49:40.911 T:1670    debug <general>: plugin.video.optus.sport - Router Parsed: 'plugin://plugin.video.optus.sport/?_=mpd_request&_path=special%3A%2F%2Ftemp%2Fproxy.middleware&url=https%3A%2F%2Flinear-a-bla.epyc.optusvideo.tv%2Fv8%2FOSG11%2Fdash-plain%2Fdash.mpd' => mpd_request {'_path': 'special://temp/proxy.middleware', 'url': 'https://linear-a-bla.epyc.optusvideo.tv/v8/OSG11/dash-plain/dash.mpd', '_url': 'plugin://plugin.video.optus.sport/?_=mpd_request&_path=special%3A%2F%2Ftemp%2Fproxy.middleware&url=https%3A%2F%2Flinear-a-bla.epyc.optusvideo.tv%2Fv8%2FOSG11%2Fdash-plain%2Fdash.mpd'}
2025-04-06 08:49:40.913 T:1670    debug <general>: plugin.video.optus.sport - SIGNAL: after_dispatch
2025-04-06 08:49:40.914 T:1670    debug <general>: plugin.video.optus.sport - SIGNAL: on_close
2025-04-06 08:49:40.914 T:1670    debug <general>: CPythonInvoker(32, /storage/.kodi/addons/plugin.video.optus.sport/default.py): script successfully run
2025-04-06 08:49:40.914 T:3893    debug <general>: script.module.slyguy - RESPONSE OUT: https://linear-a-bla.epyc.optusvideo.tv/v8/OSG11/dash-plain/dash.mpd (200)
2025-04-06 08:49:40.915 T:1678    debug <general>: AddOnLog: inputstream.adaptive: Download finished: http://127.0.0.1:8095/https://linear-a-bla.epyc.optusvideo.tv/v8/OSG11/dash-plain/dash.mpd (downloaded 12951 byte, speed 587160.00 byte/s)
2025-04-06 08:49:40.915 T:1678    debug <general>: AddOnLog: inputstream.adaptive: Parsing Playready header version 4.0.0.0
2025-04-06 08:49:40.916 T:1678     info <general>: Skipped 3 duplicate messages..
2025-04-06 08:49:40.916 T:1678    debug <general>: AddOnLog: inputstream.adaptive: OnUpdateSegments: MPD update - Done (repr. id "_720p25avc", period id "1743893099520")
2025-04-06 08:49:40.916 T:1678    debug <general>: AddOnLog: inputstream.adaptive: OnUpdateSegments: MPD update - Done (repr. id "_audio", period id "1743893099520")
2025-04-06 08:49:41.327 T:1218    error <general>: EXCEPTION: Unknown addon id 'pvr.iptvsimple'.
