2025-04-06 08:49:41.669 T:1682    debug <general>: CurlFile::Open - <http://127.0.0.1:8095/https://linear-a-bla.epyc.optusvideo.tv/v8/OSG11/dash-plain/segment__720p25avc_454138900.mp4>
2025-04-06 08:49:41.670 T:3953    debug <general>: script.module.slyguy - REQUEST IN: https://linear-a-bla.epyc.optusvideo.tv/v8/OSG11/dash-plain/segment__720p25avc_454138900.mp4 (GET)
2025-04-06 08:49:41.671 T:3953    debug <general>: script.module.slyguy - REQUEST OUT: https://linear-a-bla.epyc.optusvideo.tv/v8/OSG11/dash-plain/segment__720p25avc_454138900.mp4 (GET)
2025-04-06 08:49:41.678 T:3953    debug <general>: script.module.slyguy - REQUEST TIME: 0.006837368011474609
2025-04-06 08:49:41.678 T:3953    debug <general>: script.module.slyguy - RESPONSE IN: https://linear-a-bla.epyc.optusvideo.tv/v8/OSG11/dash-plain/segment__720p25avc_454138900.mp4 (200)
2025-04-06 08:49:41.678 T:3953    debug <general>: script.module.slyguy - RESPONSE OUT: https://linear-a-bla.epyc.optusvideo.tv/v8/OSG11/dash-plain/segment__720p25avc_454138900.mp4 (200)
2025-04-06 08:49:41.710 T:1687    debug <general>: CurlFile::Open - <http://127.0.0.1:8095/https://linear-a-bla.epyc.optusvideo.tv/v8/OSG11/dash-plain/segment__audio_454138900.mp4>
2025-04-06 08:49:41.711 T:3958    debug <general>: script.module.slyguy - REQUEST IN: https://linear-a-bla.epyc.optusvideo.tv/v8/OSG11/dash-plain/segment__audio_454138900.mp4 (GET)
2025-04-06 08:49:41.712 T:3958    debug <general>: script.module.slyguy - REQUEST OUT: https://linear-a-bla.epyc.optusvideo.tv/v8/OSG11/dash-plain/segment__audio_454138900.mp4 (GET)
2025-04-06 08:49:41.738 T:3958    debug <general>: script.module.slyguy - REQUEST TIME: 0.026186466217041016
2025-04-06 08:49:41.738 T:3958    debug <general>: script.module.slyguy - RESPONSE IN: https://linear-a-bla.epyc.optusvideo.tv/v8/OSG11/dash-plain/segment__audio_454138900.mp4 (200)
2025-04-06 08:49:41.738 T:3958    debug <general>: script.module.slyguy - RESPONSE OUT: https://linear-a-bla.epyc.optusvideo.tv/v8/OSG11/dash-plain/segment__audio_454138900.mp4 (200)
2025-04-06 08:49:41.743 T:1687    debug <general>: AddOnLog: inputstream.adaptive: [AS-1] Download finished: http://127.0.0.1:8095/https://linear-a-bla.epyc.optusvideo.tv/v8/OSG11/dash-plain/segment__audio_454138900.mp4 (downloaded 64461 byte, speed 1983171.00 byte/s)
2025-04-06 08:49:41.821 T:1682    debug <general>: AddOnLog: inputstream.adaptive: [AS-0] Download finished: http://127.0.0.1:8095/https://linear-a-bla.epyc.optusvideo.tv/v8/OSG11/dash-plain/segment__720p25avc_454138900.mp4 (downloaded 1948498 byte, speed 12817547.00 byte/s)
2025-04-06 08:49:42.330 T:1218    error <general>: EXCEPTION: Unknown addon id 'pvr.iptvsimple'.
2025-04-06 08:49:44.916 T:1678     info <general>: Skipped 2 duplicate messages..
2025-04-06 08:49:44.916 T:1678    debug <general>: CurlFile::Open - <http://127.0.0.1:8095/https://linear-a-bla.epyc.optusvideo.tv/v8/OSG11/dash-plain/dash.mpd>
2025-04-06 08:49:44.918 T:4191    debug <general>: script.module.slyguy - REQUEST IN: https://linear-a-bla.epyc.optusvideo.tv/v8/OSG11/dash-plain/dash.mpd (GET)
2025-04-06 08:49:44.919 T:4191    debug <general>: script.module.slyguy - REQUEST OUT: https://linear-a-bla.epyc.optusvideo.tv/v8/OSG11/dash-plain/dash.mpd (GET)
2025-04-06 08:49:44.926 T:4191    debug <general>: script.module.slyguy - REQUEST TIME: 0.007190227508544922
2025-04-06 08:49:44.926 T:4191    debug <general>: script.module.slyguy - RESPONSE IN: https://linear-a-bla.epyc.optusvideo.tv/v8/OSG11/dash-plain/dash.mpd (200)
2025-04-06 08:49:44.926 T:4191    debug <general>: script.module.slyguy - MIDDLEWARE: plugin
2025-04-06 08:49:44.928 T:4191    debug <general>: CScriptRunner: running add-on script Optus Sport('plugin://plugin.video.optus.sport/', '15', '?_=mpd_request&_path=special%3A%2F%2Ftemp%2Fproxy.middleware&url=https%3A%2F%2Flinear-a-bla.epyc.optusvideo.tv%2Fv8%2FOSG11%2Fdash-plain%2Fdash.mpd')
2025-04-06 08:49:44.928 T:4191    debug <general>: GetLanguageInvoker - Reusing LanguageInvokerThread 32 for script /storage/.kodi/addons/plugin.video.optus.sport/default.py
2025-04-06 08:49:44.928 T:1670    debug <general>: initializing python engine.
2025-04-06 08:49:44.928 T:1670    debug <general>: CPythonInvoker(32, /storage/.kodi/addons/plugin.video.optus.sport/default.py): start processing
2025-04-06 08:49:44.928 T:1670    debug <general>: CPythonInvoker(32): adding args:
2025-04-06 08:49:44.928 T:1670    debug <general>: CPythonInvoker(32):  plugin://plugin.video.optus.sport/
2025-04-06 08:49:44.928 T:1670    debug <general>: CPythonInvoker(32):  15
2025-04-06 08:49:44.928 T:1670    debug <general>: CPythonInvoker(32):  ?_=mpd_request&_path=special%3A%2F%2Ftemp%2Fproxy.middleware&url=https%3A%2F%2Flinear-a-bla.epyc.optusvideo.tv%2Fv8%2FOSG11%2Fdash-plain%2Fdash.mpd
2025-04-06 08:49:44.928 T:1670    debug <general>: CPythonInvoker(32):  resume:false
2025-04-06 08:49:44.928 T:1670    debug <general>: CPythonInvoker(32, /storage/.kodi/addons/plugin.video.optus.sport/default.py): entering source directory /storage/.kodi/addons/plugin.video.optus.sport
2025-04-06 08:49:44.928 T:1670    debug <general>: CPythonInvoker(32, /storage/.kodi/addons/plugin.video.optus.sport/default.py): instantiating addon using automatically obtained id of "plugin.video.optus.sport" dependent on version 0.0.0 of the xbmc.python api
2025-04-06 08:49:44.929 T:1670    debug <general>: plugin.video.optus.sport - SIGNAL: before_dispatch
2025-04-06 08:49:44.933 T:1670    debug <general>: plugin.video.optus.sport - Router Parsed: 'plugin://plugin.video.optus.sport/?_=mpd_request&_path=special%3A%2F%2Ftemp%2Fproxy.middleware&url=https%3A%2F%2Flinear-a-bla.epyc.optusvideo.tv%2Fv8%2FOSG11%2Fdash-plain%2Fdash.mpd' => mpd_request {'_path': 'special://temp/proxy.middleware', 'url': 'https://linear-a-bla.epyc.optusvideo.tv/v8/OSG11/dash-plain/dash.mpd', '_url': 'plugin://plugin.video.optus.sport/?_=mpd_request&_path=special%3A%2F%2Ftemp%2Fproxy.middleware&url=https%3A%2F%2Flinear-a-bla.epyc.optusvideo.tv%2Fv8%2FOSG11%2Fdash-plain%2Fdash.mpd'}
2025-04-06 08:49:44.934 T:1670    debug <general>: plugin.video.optus.sport - SIGNAL: after_dispatch
2025-04-06 08:49:44.934 T:1670    debug <general>: plugin.video.optus.sport - SIGNAL: on_close
2025-04-06 08:49:44.934 T:1670    debug <general>: CPythonInvoker(32, /storage/.kodi/addons/plugin.video.optus.sport/default.py): script successfully run
2025-04-06 08:49:44.934 T:4191    debug <general>: script.module.slyguy - RESPONSE OUT: https://linear-a-bla.epyc.optusvideo.tv/v8/OSG11/dash-plain/dash.mpd (200)
2025-04-06 08:49:44.934 T:1678    debug <general>: AddOnLog: inputstream.adaptive: Download finished: http://127.0.0.1:8095/https://linear-a-bla.epyc.optusvideo.tv/v8/OSG11/dash-plain/dash.mpd (downloaded 12955 byte, speed 724228.00 byte/s)
2025-04-06 08:49:44.934 T:1678    debug <general>: AddOnLog: inputstream.adaptive: Parsing Playready header version 4.0.0.0
2025-04-06 08:49:44.935 T:1678     info <general>: Skipped 3 duplicate messages..
2025-04-06 08:49:44.935 T:1678    debug <general>: AddOnLog: inputstream.adaptive: OnUpdateSegments: MPD update - Done (repr. id "_720p25avc", period id "1743893099520")
2025-04-06 08:49:44.935 T:1678    debug <general>: AddOnLog: inputstream.adaptive: OnUpdateSegments: MPD update - Done (repr. id "_audio", period id "1743893099520")
2025-04-06 08:49:45.340 T:1218    error <general>: EXCEPTION: Unknown addon id 'pvr.iptvsimple'.
2025-04-06 08:49:45.516 T:1682    debug <general>: CurlFile::Open - <http://127.0.0.1:8095/https://linear-a-bla.epyc.optusvideo.tv/v8/OSG11/dash-plain/segment__720p25avc_454138901.mp4>
2025-04-06 08:49:45.518 T:4236    debug <general>: script.module.slyguy - REQUEST IN: https://linear-a-bla.epyc.optusvideo.tv/v8/OSG11/dash-plain/segment__720p25avc_454138901.mp4 (GET)
2025-04-06 08:49:45.519 T:4236    debug <general>: script.module.slyguy - REQUEST OUT: https://linear-a-bla.epyc.optusvideo.tv/v8/OSG11/dash-plain/segment__720p25avc_454138901.mp4 (GET)
2025-04-06 08:49:45.525 T:4236    debug <general>: script.module.slyguy - REQUEST TIME: 0.00623774528503418
2025-04-06 08:49:45.525 T:4236    debug <general>: script.module.slyguy - RESPONSE IN: https://linear-a-bla.epyc.optusvideo.tv/v8/OSG11/dash-plain/segment__720p25avc_454138901.mp4 (200)
2025-04-06 08:49:45.525 T:4236    debug <general>: script.module.slyguy - RESPONSE OUT: https://linear-a-bla.epyc.optusvideo.tv/v8/OSG11/dash-plain/segment__720p25avc_454138901.mp4 (200)
2025-04-06 08:49:45.558 T:1687    debug <general>: CurlFile::Open - <http://127.0.0.1:8095/https://linear-a-bla.epyc.optusvideo.tv/v8/OSG11/dash-plain/segment__audio_454138901.mp4>
2025-04-06 08:49:45.559 T:4241    debug <general>: script.module.slyguy - REQUEST IN: https://linear-a-bla.epyc.optusvideo.tv/v8/OSG11/dash-plain/segment__audio_454138901.mp4 (GET)
2025-04-06 08:49:45.560 T:4241    debug <general>: script.module.slyguy - REQUEST OUT: https://linear-a-bla.epyc.optusvideo.tv/v8/OSG11/dash-plain/segment__audio_454138901.mp4 (GET)
2025-04-06 08:49:45.587 T:4241    debug <general>: script.module.slyguy - REQUEST TIME: 0.02705073356628418
2025-04-06 08:49:45.587 T:4241    debug <general>: script.module.slyguy - RESPONSE IN: https://linear-a-bla.epyc.optusvideo.tv/v8/OSG11/dash-plain/segment__audio_454138901.mp4 (200)
2025-04-06 08:49:45.588 T:4241    debug <general>: script.module.slyguy - RESPONSE OUT: https://linear-a-bla.epyc.optusvideo.tv/v8/OSG11/dash-plain/segment__audio_454138901.mp4 (200)
2025-04-06 08:49:45.593 T:1687    debug <general>: AddOnLog: inputstream.adaptive: [AS-1] Download finished: http://127.0.0.1:8095/https://linear-a-bla.epyc.optusvideo.tv/v8/OSG11/dash-plain/segment__audio_454138901.mp4 (downloaded 64609 byte, speed 1874191.00 byte/s)
2025-04-06 08:49:45.593 T:1682    debug <general>: AddOnLog: inputstream.adaptive: [AS-0] Download finished: http://127.0.0.1:8095/https://linear-a-bla.epyc.optusvideo.tv/v8/OSG11/dash-plain/segment__720p25avc_454138901.mp4 (downloaded 935817 byte, speed 12196869.00 byte/s)
2025-04-06 08:49:46.343 T:1218    error <general>: EXCEPTION: Unknown addon id 'pvr.iptvsimple'.
2025-04-06 08:49:48.574 T:1652     info <general>: Skipped 2 duplicate messages..
2025-04-06 08:49:48.574 T:1652    debug <general>: Thread JobWorker 140005762787008 terminating (autodelete)
2025-04-06 08:49:48.574 T:1658    debug <general>: Thread JobWorker 140004307228352 terminating (autodelete)
2025-04-06 08:49:48.575 T:1654    debug <general>: Thread JobWorker 140002495293120 terminating (autodelete)
2025-04-06 08:49:48.935 T:1678    debug <general>: CurlFile::Open - <http://127.0.0.1:8095/https://linear-a-bla.epyc.optusvideo.tv/v8/OSG11/dash-plain/dash.mpd>
2025-04-06 08:49:48.937 T:4485    debug <general>: script.module.slyguy - REQUEST IN: https://linear-a-bla.epyc.optusvideo.tv/v8/OSG11/dash-plain/dash.mpd (GET)
2025-04-06 08:49:48.937 T:4485    debug <general>: script.module.slyguy - REQUEST OUT: https://linear-a-bla.epyc.optusvideo.tv/v8/OSG11/dash-plain/dash.mpd (GET)
2025-04-06 08:49:48.946 T:4485    debug <general>: script.module.slyguy - REQUEST TIME: 0.008402347564697266
2025-04-06 08:49:48.946 T:4485    debug <general>: script.module.slyguy - RESPONSE IN: https://linear-a-bla.epyc.optusvideo.tv/v8/OSG11/dash-plain/dash.mpd (200)
2025-04-06 08:49:48.946 T:4485    debug <general>: script.module.slyguy - MIDDLEWARE: plugin
2025-04-06 08:49:48.948 T:4485    debug <general>: CScriptRunner: running add-on script Optus Sport('plugin://plugin.video.optus.sport/', '15', '?_=mpd_request&_path=special%3A%2F%2Ftemp%2Fproxy.middleware&url=https%3A%2F%2Flinear-a-bla.epyc.optusvideo.tv%2Fv8%2FOSG11%2Fdash-plain%2Fdash.mpd')
2025-04-06 08:49:48.948 T:4485    debug <general>: GetLanguageInvoker - Reusing LanguageInvokerThread 32 for script /storage/.kodi/addons/plugin.video.optus.sport/default.py
2025-04-06 08:49:48.948 T:1670    debug <general>: initializing python engine.
2025-04-06 08:49:48.948 T:1670    debug <general>: CPythonInvoker(32, /storage/.kodi/addons/plugin.video.optus.sport/default.py): start processing
2025-04-06 08:49:48.948 T:1670    debug <general>: CPythonInvoker(32): adding args:
2025-04-06 08:49:48.948 T:1670    debug <general>: CPythonInvoker(32):  plugin://plugin.video.optus.sport/
2025-04-06 08:49:48.948 T:1670    debug <general>: CPythonInvoker(32):  15
2025-04-06 08:49:48.948 T:1670    debug <general>: CPythonInvoker(32):  ?_=mpd_request&_path=special%3A%2F%2Ftemp%2Fproxy.middleware&url=https%3A%2F%2Flinear-a-bla.epyc.optusvideo.tv%2Fv8%2FOSG11%2Fdash-plain%2Fdash.mpd
2025-04-06 08:49:48.948 T:1670    debug <general>: CPythonInvoker(32):  resume:false
2025-04-06 08:49:48.948 T:1670    debug <general>: CPythonInvoker(32, /storage/.kodi/addons/plugin.video.optus.sport/default.py): entering source directory /storage/.kodi/addons/plugin.video.optus.sport
2025-04-06 08:49:48.948 T:1670    debug <general>: CPythonInvoker(32, /storage/.kodi/addons/plugin.video.optus.sport/default.py): instantiating addon using automatically obtained id of "plugin.video.optus.sport" dependent on version 0.0.0 of the xbmc.python api
2025-04-06 08:49:48.949 T:1670    debug <general>: plugin.video.optus.sport - SIGNAL: before_dispatch
2025-04-06 08:49:48.956 T:1670    debug <general>: plugin.video.optus.sport - Router Parsed: 'plugin://plugin.video.optus.sport/?_=mpd_request&_path=special%3A%2F%2Ftemp%2Fproxy.middleware&url=https%3A%2F%2Flinear-a-bla.epyc.optusvideo.tv%2Fv8%2FOSG11%2Fdash-plain%2Fdash.mpd' => mpd_request {'_path': 'special://temp/proxy.middleware', 'url': 'https://linear-a-bla.epyc.optusvideo.tv/v8/OSG11/dash-plain/dash.mpd', '_url': 'plugin://plugin.video.optus.sport/?_=mpd_request&_path=special%3A%2F%2Ftemp%2Fproxy.middleware&url=https%3A%2F%2Flinear-a-bla.epyc.optusvideo.tv%2Fv8%2FOSG11%2Fdash-plain%2Fdash.mpd'}
2025-04-06 08:49:48.957 T:1670    debug <general>: plugin.video.optus.sport - SIGNAL: after_dispatch
2025-04-06 08:49:48.957 T:1670    debug <general>: plugin.video.optus.sport - SIGNAL: on_close
2025-04-06 08:49:48.957 T:1670    debug <general>: CPythonInvoker(32, /storage/.kodi/addons/plugin.video.optus.sport/default.py): script successfully run
2025-04-06 08:49:48.957 T:4485    debug <general>: script.module.slyguy - RESPONSE OUT: https://linear-a-bla.epyc.optusvideo.tv/v8/OSG11/dash-plain/dash.mpd (200)
2025-04-06 08:49:48.957 T:1678    debug <general>: AddOnLog: inputstream.adaptive: Download finished: http://127.0.0.1:8095/https://linear-a-bla.epyc.optusvideo.tv/v8/OSG11/dash-plain/dash.mpd (downloaded 12955 byte, speed 595166.00 byte/s)
2025-04-06 08:49:48.957 T:1678    debug <general>: AddOnLog: inputstream.adaptive: Parsing Playready header version 4.0.0.0
2025-04-06 08:49:48.957 T:1678     info <general>: Skipped 3 duplicate messages..
2025-04-06 08:49:48.957 T:1678    debug <general>: AddOnLog: inputstream.adaptive: OnUpdateSegments: MPD update - Done (repr. id "_720p25avc", period id "1743893099520")
2025-04-06 08:49:48.957 T:1678    debug <general>: AddOnLog: inputstream.adaptive: OnUpdateSegments: MPD update - Done (repr. id "_audio", period id "1743893099520")
2025-04-06 08:49:49.353 T:1218    error <general>: EXCEPTION: Unknown addon id 'pvr.iptvsimple'.
2025-04-06 08:49:49.354 T:1682    debug <general>: CurlFile::Open - <http://127.0.0.1:8095/https://linear-a-bla.epyc.optusvideo.tv/v8/OSG11/dash-plain/segment__720p25avc_454138902.mp4>
2025-04-06 08:49:49.356 T:4519    debug <general>: script.module.slyguy - REQUEST IN: https://linear-a-bla.epyc.optusvideo.tv/v8/OSG11/dash-plain/segment__720p25avc_454138902.mp4 (GET)
2025-04-06 08:49:49.357 T:4519    debug <general>: script.module.slyguy - REQUEST OUT: https://linear-a-bla.epyc.optusvideo.tv/v8/OSG11/dash-plain/segment__720p25avc_454138902.mp4 (GET)
2025-04-06 08:49:49.366 T:4519    debug <general>: script.module.slyguy - REQUEST TIME: 0.009478330612182617
2025-04-06 08:49:49.366 T:4519    debug <general>: script.module.slyguy - RESPONSE IN: https://linear-a-bla.epyc.optusvideo.tv/v8/OSG11/dash-plain/segment__720p25avc_454138902.mp4 (200)
2025-04-06 08:49:49.367 T:4519    debug <general>: script.module.slyguy - RESPONSE OUT: https://linear-a-bla.epyc.optusvideo.tv/v8/OSG11/dash-plain/segment__720p25avc_454138902.mp4 (200)
2025-04-06 08:49:49.396 T:1687    debug <general>: CurlFile::Open - <http://127.0.0.1:8095/https://linear-a-bla.epyc.optusvideo.tv/v8/OSG11/dash-plain/segment__audio_454138902.mp4>
2025-04-06 08:49:49.398 T:4524    debug <general>: script.module.slyguy - REQUEST IN: https://linear-a-bla.epyc.optusvideo.tv/v8/OSG11/dash-plain/segment__audio_454138902.mp4 (GET)
2025-04-06 08:49:49.398 T:4524    debug <general>: script.module.slyguy - REQUEST OUT: https://linear-a-bla.epyc.optusvideo.tv/v8/OSG11/dash-plain/segment__audio_454138902.mp4 (GET)
2025-04-06 08:49:49.427 T:4524    debug <general>: script.module.slyguy - REQUEST TIME: 0.028630733489990234
2025-04-06 08:49:49.427 T:4524    debug <general>: script.module.slyguy - RESPONSE IN: https://linear-a-bla.epyc.optusvideo.tv/v8/OSG11/dash-plain/segment__audio_454138902.mp4 (200)
2025-04-06 08:49:49.428 T:4524    debug <general>: script.module.slyguy - RESPONSE OUT: https://linear-a-bla.epyc.optusvideo.tv/v8/OSG11/dash-plain/segment__audio_454138902.mp4 (200)
2025-04-06 08:49:49.435 T:1687    debug <general>: AddOnLog: inputstream.adaptive: [AS-1] Download finished: http://127.0.0.1:8095/https://linear-a-bla.epyc.optusvideo.tv/v8/OSG11/dash-plain/segment__audio_454138902.mp4 (downloaded 64773 byte, speed 1676536.00 byte/s)
2025-04-06 08:49:49.492 T:1682    debug <general>: AddOnLog: inputstream.adaptive: [AS-0] Download finished: http://127.0.0.1:8095/https://linear-a-bla.epyc.optusvideo.tv/v8/OSG11/dash-plain/segment__720p25avc_454138902.mp4 (downloaded 1737939 byte, speed 12654004.00 byte/s)
2025-04-06 08:49:50.356 T:1218    error <general>: EXCEPTION: Unknown addon id 'pvr.iptvsimple'.
2025-04-06 08:49:52.958 T:1678     info <general>: Skipped 2 duplicate messages..
2025-04-06 08:49:52.958 T:1678    debug <general>: CurlFile::Open - <http://127.0.0.1:8095/https://linear-a-bla.epyc.optusvideo.tv/v8/OSG11/dash-plain/dash.mpd>
2025-04-06 08:49:52.960 T:4782    debug <general>: script.module.slyguy - REQUEST IN: https://linear-a-bla.epyc.optusvideo.tv/v8/OSG11/dash-plain/dash.mpd (GET)
2025-04-06 08:49:52.960 T:4782    debug <general>: script.module.slyguy - REQUEST OUT: https://linear-a-bla.epyc.optusvideo.tv/v8/OSG11/dash-plain/dash.mpd (GET)
2025-04-06 08:49:52.967 T:4782    debug <general>: script.module.slyguy - REQUEST TIME: 0.006505012512207031
2025-04-06 08:49:52.967 T:4782    debug <general>: script.module.slyguy - RESPONSE IN: https://linear-a-bla.epyc.optusvideo.tv/v8/OSG11/dash-plain/dash.mpd (200)
2025-04-06 08:49:52.967 T:4782    debug <general>: script.module.slyguy - MIDDLEWARE: plugin
2025-04-06 08:49:52.967 T:4782    debug <general>: CScriptRunner: running add-on script Optus Sport('plugin://plugin.video.optus.sport/', '15', '?_=mpd_request&_path=special%3A%2F%2Ftemp%2Fproxy.middleware&url=https%3A%2F%2Flinear-a-bla.epyc.optusvideo.tv%2Fv8%2FOSG11%2Fdash-plain%2Fdash.mpd')
2025-04-06 08:49:52.967 T:4782    debug <general>: GetLanguageInvoker - Reusing LanguageInvokerThread 32 for script /storage/.kodi/addons/plugin.video.optus.sport/default.py
2025-04-06 08:49:52.967 T:1670    debug <general>: initializing python engine.
2025-04-06 08:49:52.967 T:1670    debug <general>: CPythonInvoker(32, /storage/.kodi/addons/plugin.video.optus.sport/default.py): start processing
2025-04-06 08:49:52.967 T:1670    debug <general>: CPythonInvoker(32): adding args:
2025-04-06 08:49:52.967 T:1670    debug <general>: CPythonInvoker(32):  plugin://plugin.video.optus.sport/
2025-04-06 08:49:52.967 T:1670    debug <general>: CPythonInvoker(32):  15
2025-04-06 08:49:52.967 T:1670    debug <general>: CPythonInvoker(32):  ?_=mpd_request&_path=special%3A%2F%2Ftemp%2Fproxy.middleware&url=https%3A%2F%2Flinear-a-bla.epyc.optusvideo.tv%2Fv8%2FOSG11%2Fdash-plain%2Fdash.mpd
2025-04-06 08:49:52.967 T:1670    debug <general>: CPythonInvoker(32):  resume:false
2025-04-06 08:49:52.967 T:1670    debug <general>: CPythonInvoker(32, /storage/.kodi/addons/plugin.video.optus.sport/default.py): entering source directory /storage/.kodi/addons/plugin.video.optus.sport
2025-04-06 08:49:52.967 T:1670    debug <general>: CPythonInvoker(32, /storage/.kodi/addons/plugin.video.optus.sport/default.py): instantiating addon using automatically obtained id of "plugin.video.optus.sport" dependent on version 0.0.0 of the xbmc.python api
2025-04-06 08:49:52.967 T:1670    debug <general>: plugin.video.optus.sport - SIGNAL: before_dispatch
2025-04-06 08:49:52.969 T:1670    debug <general>: plugin.video.optus.sport - Router Parsed: 'plugin://plugin.video.optus.sport/?_=mpd_request&_path=special%3A%2F%2Ftemp%2Fproxy.middleware&url=https%3A%2F%2Flinear-a-bla.epyc.optusvideo.tv%2Fv8%2FOSG11%2Fdash-plain%2Fdash.mpd' => mpd_request {'_path': 'special://temp/proxy.middleware', 'url': 'https://linear-a-bla.epyc.optusvideo.tv/v8/OSG11/dash-plain/dash.mpd', '_url': 'plugin://plugin.video.optus.sport/?_=mpd_request&_path=special%3A%2F%2Ftemp%2Fproxy.middleware&url=https%3A%2F%2Flinear-a-bla.epyc.optusvideo.tv%2Fv8%2FOSG11%2Fdash-plain%2Fdash.mpd'}
2025-04-06 08:49:52.970 T:1670    debug <general>: plugin.video.optus.sport - SIGNAL: after_dispatch
2025-04-06 08:49:52.970 T:1670    debug <general>: plugin.video.optus.sport - SIGNAL: on_close
2025-04-06 08:49:52.970 T:1670    debug <general>: CPythonInvoker(32, /storage/.kodi/addons/plugin.video.optus.sport/default.py): script successfully run
2025-04-06 08:49:52.970 T:4782    debug <general>: script.module.slyguy - RESPONSE OUT: https://linear-a-bla.epyc.optusvideo.tv/v8/OSG11/dash-plain/dash.mpd (200)
2025-04-06 08:49:52.970 T:1678    debug <general>: AddOnLog: inputstream.adaptive: Download finished: http://127.0.0.1:8095/https://linear-a-bla.epyc.optusvideo.tv/v8/OSG11/dash-plain/dash.mpd (downloaded 12955 byte, speed 1080033.00 byte/s)
2025-04-06 08:49:52.970 T:1678    debug <general>: AddOnLog: inputstream.adaptive: Parsing Playready header version 4.0.0.0
2025-04-06 08:49:52.970 T:1678     info <general>: Skipped 3 duplicate messages..
2025-04-06 08:49:52.970 T:1678    debug <general>: AddOnLog: inputstream.adaptive: OnUpdateSegments: MPD update - Done (repr. id "_720p25avc", period id "1743893099520")
2025-04-06 08:49:52.970 T:1678    debug <general>: AddOnLog: inputstream.adaptive: OnUpdateSegments: MPD update - Done (repr. id "_audio", period id "1743893099520")
2025-04-06 08:49:53.191 T:1682    debug <general>: CurlFile::Open - <http://127.0.0.1:8095/https://linear-a-bla.epyc.optusvideo.tv/v8/OSG11/dash-plain/segment__720p25avc_454138903.mp4>
2025-04-06 08:49:53.193 T:4802    debug <general>: script.module.slyguy - REQUEST IN: https://linear-a-bla.epyc.optusvideo.tv/v8/OSG11/dash-plain/segment__720p25avc_454138903.mp4 (GET)
2025-04-06 08:49:53.193 T:4802    debug <general>: script.module.slyguy - REQUEST OUT: https://linear-a-bla.epyc.optusvideo.tv/v8/OSG11/dash-plain/segment__720p25avc_454138903.mp4 (GET)
2025-04-06 08:49:53.200 T:4802    debug <general>: script.module.slyguy - REQUEST TIME: 0.006555318832397461
2025-04-06 08:49:53.200 T:4802    debug <general>: script.module.slyguy - RESPONSE IN: https://linear-a-bla.epyc.optusvideo.tv/v8/OSG11/dash-plain/segment__720p25avc_454138903.mp4 (200)
2025-04-06 08:49:53.200 T:4802    debug <general>: script.module.slyguy - RESPONSE OUT: https://linear-a-bla.epyc.optusvideo.tv/v8/OSG11/dash-plain/segment__720p25avc_454138903.mp4 (200)
2025-04-06 08:49:53.233 T:1687    debug <general>: CurlFile::Open - <http://127.0.0.1:8095/https://linear-a-bla.epyc.optusvideo.tv/v8/OSG11/dash-plain/segment__audio_454138903.mp4>
2025-04-06 08:49:53.234 T:4807    debug <general>: script.module.slyguy - REQUEST IN: https://linear-a-bla.epyc.optusvideo.tv/v8/OSG11/dash-plain/segment__audio_454138903.mp4 (GET)
2025-04-06 08:49:53.234 T:4807    debug <general>: script.module.slyguy - REQUEST OUT: https://linear-a-bla.epyc.optusvideo.tv/v8/OSG11/dash-plain/segment__audio_454138903.mp4 (GET)
2025-04-06 08:49:53.260 T:4807    debug <general>: script.module.slyguy - REQUEST TIME: 0.02555704116821289
2025-04-06 08:49:53.260 T:4807    debug <general>: script.module.slyguy - RESPONSE IN: https://linear-a-bla.epyc.optusvideo.tv/v8/OSG11/dash-plain/segment__audio_454138903.mp4 (200)
2025-04-06 08:49:53.260 T:4807    debug <general>: script.module.slyguy - RESPONSE OUT: https://linear-a-bla.epyc.optusvideo.tv/v8/OSG11/dash-plain/segment__audio_454138903.mp4 (200)
2025-04-06 08:49:53.268 T:1687    debug <general>: AddOnLog: inputstream.adaptive: [AS-1] Download finished: http://127.0.0.1:8095/https://linear-a-bla.epyc.optusvideo.tv/v8/OSG11/dash-plain/segment__audio_454138903.mp4 (downloaded 64645 byte, speed 1860930.00 byte/s)
2025-04-06 08:49:53.366 T:1218    error <general>: EXCEPTION: Unknown addon id 'pvr.iptvsimple'.
2025-04-06 08:49:53.382 T:1682    debug <general>: AddOnLog: inputstream.adaptive: [AS-0] Download finished: http://127.0.0.1:8095/https://linear-a-bla.epyc.optusvideo.tv/v8/OSG11/dash-plain/segment__720p25avc_454138903.mp4 (downloaded 2479128 byte, speed 13037680.00 byte/s)
2025-04-06 08:49:54.369 T:1218    error <general>: EXCEPTION: Unknown addon id 'pvr.iptvsimple'.
2025-04-06 08:49:54.905 T:1183    debug <general>: CheckIdle - Closing session to http://10.19.72.251 (easy=0x7f55380a3ca0, multi=0x7f55380a5d40)
2025-04-06 08:49:55.373 T:1218    error <general>: EXCEPTION: Unknown addon id 'pvr.iptvsimple'.
2025-04-06 08:49:56.971 T:1678     info <general>: Skipped 1 duplicate messages..
2025-04-06 08:49:56.971 T:1678    debug <general>: CurlFile::Open - <http://127.0.0.1:8095/https://linear-a-bla.epyc.optusvideo.tv/v8/OSG11/dash-plain/dash.mpd>
2025-04-06 08:49:56.973 T:5077    debug <general>: script.module.slyguy - REQUEST IN: https://linear-a-bla.epyc.optusvideo.tv/v8/OSG11/dash-plain/dash.mpd (GET)
2025-04-06 08:49:56.973 T:5077    debug <general>: script.module.slyguy - REQUEST OUT: https://linear-a-bla.epyc.optusvideo.tv/v8/OSG11/dash-plain/dash.mpd (GET)
2025-04-06 08:49:56.980 T:5077    debug <general>: script.module.slyguy - REQUEST TIME: 0.006654977798461914
2025-04-06 08:49:56.980 T:5077    debug <general>: script.module.slyguy - RESPONSE IN: https://linear-a-bla.epyc.optusvideo.tv/v8/OSG11/dash-plain/dash.mpd (200)
2025-04-06 08:49:56.980 T:5077    debug <general>: script.module.slyguy - MIDDLEWARE: plugin
2025-04-06 08:49:56.980 T:5077    debug <general>: CScriptRunner: running add-on script Optus Sport('plugin://plugin.video.optus.sport/', '15', '?_=mpd_request&_path=special%3A%2F%2Ftemp%2Fproxy.middleware&url=https%3A%2F%2Flinear-a-bla.epyc.optusvideo.tv%2Fv8%2FOSG11%2Fdash-plain%2Fdash.mpd')
2025-04-06 08:49:56.980 T:5077    debug <general>: GetLanguageInvoker - Reusing LanguageInvokerThread 32 for script /storage/.kodi/addons/plugin.video.optus.sport/default.py
2025-04-06 08:49:56.980 T:1670    debug <general>: initializing python engine.
2025-04-06 08:49:56.980 T:1670    debug <general>: CPythonInvoker(32, /storage/.kodi/addons/plugin.video.optus.sport/default.py): start processing
2025-04-06 08:49:56.980 T:1670    debug <general>: CPythonInvoker(32): adding args:
2025-04-06 08:49:56.980 T:1670    debug <general>: CPythonInvoker(32):  plugin://plugin.video.optus.sport/
2025-04-06 08:49:56.980 T:1670    debug <general>: CPythonInvoker(32):  15
2025-04-06 08:49:56.980 T:1670    debug <general>: CPythonInvoker(32):  ?_=mpd_request&_path=special%3A%2F%2Ftemp%2Fproxy.middleware&url=https%3A%2F%2Flinear-a-bla.epyc.optusvideo.tv%2Fv8%2FOSG11%2Fdash-plain%2Fdash.mpd
2025-04-06 08:49:56.980 T:1670    debug <general>: CPythonInvoker(32):  resume:false
2025-04-06 08:49:56.980 T:1670    debug <general>: CPythonInvoker(32, /storage/.kodi/addons/plugin.video.optus.sport/default.py): entering source directory /storage/.kodi/addons/plugin.video.optus.sport
2025-04-06 08:49:56.980 T:1670    debug <general>: CPythonInvoker(32, /storage/.kodi/addons/plugin.video.optus.sport/default.py): instantiating addon using automatically obtained id of "plugin.video.optus.sport" dependent on version 0.0.0 of the xbmc.python api
2025-04-06 08:49:56.980 T:1670    debug <general>: plugin.video.optus.sport - SIGNAL: before_dispatch
2025-04-06 08:49:56.982 T:1670    debug <general>: plugin.video.optus.sport - Router Parsed: 'plugin://plugin.video.optus.sport/?_=mpd_request&_path=special%3A%2F%2Ftemp%2Fproxy.middleware&url=https%3A%2F%2Flinear-a-bla.epyc.optusvideo.tv%2Fv8%2FOSG11%2Fdash-plain%2Fdash.mpd' => mpd_request {'_path': 'special://temp/proxy.middleware', 'url': 'https://linear-a-bla.epyc.optusvideo.tv/v8/OSG11/dash-plain/dash.mpd', '_url': 'plugin://plugin.video.optus.sport/?_=mpd_request&_path=special%3A%2F%2Ftemp%2Fproxy.middleware&url=https%3A%2F%2Flinear-a-bla.epyc.optusvideo.tv%2Fv8%2FOSG11%2Fdash-plain%2Fdash.mpd'}
2025-04-06 08:49:56.983 T:1670    debug <general>: plugin.video.optus.sport - SIGNAL: after_dispatch
2025-04-06 08:49:56.983 T:1670    debug <general>: plugin.video.optus.sport - SIGNAL: on_close
2025-04-06 08:49:56.983 T:1670    debug <general>: CPythonInvoker(32, /storage/.kodi/addons/plugin.video.optus.sport/default.py): script successfully run
2025-04-06 08:49:56.983 T:5077    debug <general>: script.module.slyguy - RESPONSE OUT: https://linear-a-bla.epyc.optusvideo.tv/v8/OSG11/dash-plain/dash.mpd (200)
2025-04-06 08:49:56.983 T:1678    debug <general>: AddOnLog: inputstream.adaptive: Download finished: http://127.0.0.1:8095/https://linear-a-bla.epyc.optusvideo.tv/v8/OSG11/dash-plain/dash.mpd (downloaded 12951 byte, speed 1068211.00 byte/s)
2025-04-06 08:49:56.983 T:1678    debug <general>: AddOnLog: inputstream.adaptive: Parsing Playready header version 4.0.0.0
2025-04-06 08:49:56.983 T:1678     info <general>: Skipped 3 duplicate messages..
2025-04-06 08:49:56.983 T:1678    debug <general>: AddOnLog: inputstream.adaptive: OnUpdateSegments: MPD update - Done (repr. id "_720p25avc", period id "1743893099520")
2025-04-06 08:49:56.983 T:1678    debug <general>: AddOnLog: inputstream.adaptive: OnUpdateSegments: MPD update - Done (repr. id "_audio", period id "1743893099520")
2025-04-06 08:49:57.032 T:1682    debug <general>: CurlFile::Open - <http://127.0.0.1:8095/https://linear-a-bla.epyc.optusvideo.tv/v8/OSG11/dash-plain/segment__720p25avc_454138904.mp4>
2025-04-06 08:49:57.034 T:5085    debug <general>: script.module.slyguy - REQUEST IN: https://linear-a-bla.epyc.optusvideo.tv/v8/OSG11/dash-plain/segment__720p25avc_454138904.mp4 (GET)
2025-04-06 08:49:57.034 T:5085    debug <general>: script.module.slyguy - REQUEST OUT: https://linear-a-bla.epyc.optusvideo.tv/v8/OSG11/dash-plain/segment__720p25avc_454138904.mp4 (GET)
2025-04-06 08:49:57.041 T:5085    debug <general>: script.module.slyguy - REQUEST TIME: 0.0066394805908203125
2025-04-06 08:49:57.041 T:5085    debug <general>: script.module.slyguy - RESPONSE IN: https://linear-a-bla.epyc.optusvideo.tv/v8/OSG11/dash-plain/segment__720p25avc_454138904.mp4 (200)
2025-04-06 08:49:57.041 T:5085    debug <general>: script.module.slyguy - RESPONSE OUT: https://linear-a-bla.epyc.optusvideo.tv/v8/OSG11/dash-plain/segment__720p25avc_454138904.mp4 (200)
2025-04-06 08:49:57.074 T:1687    debug <general>: CurlFile::Open - <http://127.0.0.1:8095/https://linear-a-bla.epyc.optusvideo.tv/v8/OSG11/dash-plain/segment__audio_454138904.mp4>
2025-04-06 08:49:57.075 T:5090    debug <general>: script.module.slyguy - REQUEST IN: https://linear-a-bla.epyc.optusvideo.tv/v8/OSG11/dash-plain/segment__audio_454138904.mp4 (GET)
2025-04-06 08:49:57.075 T:5090    debug <general>: script.module.slyguy - REQUEST OUT: https://linear-a-bla.epyc.optusvideo.tv/v8/OSG11/dash-plain/segment__audio_454138904.mp4 (GET)
2025-04-06 08:49:57.099 T:5090    debug <general>: script.module.slyguy - REQUEST TIME: 0.02353048324584961
2025-04-06 08:49:57.099 T:5090    debug <general>: script.module.slyguy - RESPONSE IN: https://linear-a-bla.epyc.optusvideo.tv/v8/OSG11/dash-plain/segment__audio_454138904.mp4 (200)
2025-04-06 08:49:57.100 T:5090    debug <general>: script.module.slyguy - RESPONSE OUT: https://linear-a-bla.epyc.optusvideo.tv/v8/OSG11/dash-plain/segment__audio_454138904.mp4 (200)
2025-04-06 08:49:57.107 T:1687    debug <general>: AddOnLog: inputstream.adaptive: [AS-1] Download finished: http://127.0.0.1:8095/https://linear-a-bla.epyc.optusvideo.tv/v8/OSG11/dash-plain/segment__audio_454138904.mp4 (downloaded 64729 byte, speed 1934403.00 byte/s)
2025-04-06 08:49:57.222 T:1682    debug <general>: AddOnLog: inputstream.adaptive: [AS-0] Download finished: http://127.0.0.1:8095/https://linear-a-bla.epyc.optusvideo.tv/v8/OSG11/dash-plain/segment__720p25avc_454138904.mp4 (downloaded 2467889 byte, speed 13017253.00 byte/s)
2025-04-06 08:49:57.379 T:1218    error <general>: EXCEPTION: Unknown addon id 'pvr.iptvsimple'.
2025-04-06 08:50:00.452 T:5334     info <general>: Skipped 3 duplicate messages..
2025-04-06 08:50:00.452 T:5334    debug <general>: Thread JobWorker start, auto delete: true
2025-04-06 08:50:00.452 T:5334    debug <general>: [threads] name: 'JobWorker' priority: '1'
2025-04-06 08:50:00.877 T:5368    debug <general>: AddOnLog: inputstream.adaptive: [Repr. chooser] Current average bandwidth: 102172253 bit/s (filtered to 91955027 bit/s)
2025-04-06 08:50:00.984 T:1678    debug <general>: CurlFile::Open - <http://127.0.0.1:8095/https://linear-a-bla.epyc.optusvideo.tv/v8/OSG11/dash-plain/dash.mpd>
2025-04-06 08:50:00.986 T:5374    debug <general>: script.module.slyguy - REQUEST IN: https://linear-a-bla.epyc.optusvideo.tv/v8/OSG11/dash-plain/dash.mpd (GET)
2025-04-06 08:50:00.986 T:5374    debug <general>: script.module.slyguy - REQUEST OUT: https://linear-a-bla.epyc.optusvideo.tv/v8/OSG11/dash-plain/dash.mpd (GET)
2025-04-06 08:50:00.994 T:5374    debug <general>: script.module.slyguy - REQUEST TIME: 0.007591724395751953
2025-04-06 08:50:00.994 T:5374    debug <general>: script.module.slyguy - RESPONSE IN: https://linear-a-bla.epyc.optusvideo.tv/v8/OSG11/dash-plain/dash.mpd (200)
2025-04-06 08:50:00.994 T:5374    debug <general>: script.module.slyguy - MIDDLEWARE: plugin
2025-04-06 08:50:00.996 T:5374    debug <general>: CScriptRunner: running add-on script Optus Sport('plugin://plugin.video.optus.sport/', '15', '?_=mpd_request&_path=special%3A%2F%2Ftemp%2Fproxy.middleware&url=https%3A%2F%2Flinear-a-bla.epyc.optusvideo.tv%2Fv8%2FOSG11%2Fdash-plain%2Fdash.mpd')
2025-04-06 08:50:00.996 T:5374    debug <general>: GetLanguageInvoker - Reusing LanguageInvokerThread 32 for script /storage/.kodi/addons/plugin.video.optus.sport/default.py
2025-04-06 08:50:00.996 T:1670    debug <general>: initializing python engine.
2025-04-06 08:50:00.996 T:1670    debug <general>: CPythonInvoker(32, /storage/.kodi/addons/plugin.video.optus.sport/default.py): start processing
2025-04-06 08:50:00.996 T:1670    debug <general>: CPythonInvoker(32): adding args:
2025-04-06 08:50:00.996 T:1670    debug <general>: CPythonInvoker(32):  plugin://plugin.video.optus.sport/
2025-04-06 08:50:00.996 T:1670    debug <general>: CPythonInvoker(32):  15
2025-04-06 08:50:00.996 T:1670    debug <general>: CPythonInvoker(32):  ?_=mpd_request&_path=special%3A%2F%2Ftemp%2Fproxy.middleware&url=https%3A%2F%2Flinear-a-bla.epyc.optusvideo.tv%2Fv8%2FOSG11%2Fdash-plain%2Fdash.mpd
2025-04-06 08:50:00.996 T:1670    debug <general>: CPythonInvoker(32):  resume:false
2025-04-06 08:50:00.996 T:1670    debug <general>: CPythonInvoker(32, /storage/.kodi/addons/plugin.video.optus.sport/default.py): entering source directory /storage/.kodi/addons/plugin.video.optus.sport
2025-04-06 08:50:00.996 T:1670    debug <general>: CPythonInvoker(32, /storage/.kodi/addons/plugin.video.optus.sport/default.py): instantiating addon using automatically obtained id of "plugin.video.optus.sport" dependent on version 0.0.0 of the xbmc.python api
2025-04-06 08:50:00.996 T:1670    debug <general>: plugin.video.optus.sport - SIGNAL: before_dispatch
2025-04-06 08:50:01.002 T:1670    debug <general>: plugin.video.optus.sport - Router Parsed: 'plugin://plugin.video.optus.sport/?_=mpd_request&_path=special%3A%2F%2Ftemp%2Fproxy.middleware&url=https%3A%2F%2Flinear-a-bla.epyc.optusvideo.tv%2Fv8%2FOSG11%2Fdash-plain%2Fdash.mpd' => mpd_request {'_path': 'special://temp/proxy.middleware', 'url': 'https://linear-a-bla.epyc.optusvideo.tv/v8/OSG11/dash-plain/dash.mpd', '_url': 'plugin://plugin.video.optus.sport/?_=mpd_request&_path=special%3A%2F%2Ftemp%2Fproxy.middleware&url=https%3A%2F%2Flinear-a-bla.epyc.optusvideo.tv%2Fv8%2FOSG11%2Fdash-plain%2Fdash.mpd'}
2025-04-06 08:50:01.004 T:1670    debug <general>: plugin.video.optus.sport - SIGNAL: after_dispatch
2025-04-06 08:50:01.005 T:1670    debug <general>: plugin.video.optus.sport - SIGNAL: on_close
2025-04-06 08:50:01.005 T:1670    debug <general>: CPythonInvoker(32, /storage/.kodi/addons/plugin.video.optus.sport/default.py): script successfully run
2025-04-06 08:50:01.005 T:5374    debug <general>: script.module.slyguy - RESPONSE OUT: https://linear-a-bla.epyc.optusvideo.tv/v8/OSG11/dash-plain/dash.mpd (200)
2025-04-06 08:50:01.006 T:1678    debug <general>: AddOnLog: inputstream.adaptive: Download finished: http://127.0.0.1:8095/https://linear-a-bla.epyc.optusvideo.tv/v8/OSG11/dash-plain/dash.mpd (downloaded 12955 byte, speed 596867.00 byte/s)
2025-04-06 08:50:01.006 T:1678    debug <general>: AddOnLog: inputstream.adaptive: Parsing Playready header version 4.0.0.0
2025-04-06 08:50:01.007 T:1678     info <general>: Skipped 3 duplicate messages..
2025-04-06 08:50:01.007 T:1678    debug <general>: AddOnLog: inputstream.adaptive: OnUpdateSegments: MPD update - Done (repr. id "_720p25avc", period id "1743893099520")
2025-04-06 08:50:01.007 T:1678    debug <general>: AddOnLog: inputstream.adaptive: OnUpdateSegments: MPD update - Done (repr. id "_audio", period id "1743893099520")
2025-04-06 08:50:01.392 T:1218    error <general>: EXCEPTION: Unknown addon id 'pvr.iptvsimple'.
2025-04-06 08:50:03.845 T:1183     info <general>: Skipped 2 duplicate messages..
2025-04-06 08:50:03.845 T:1183    debug <general>: Keyboard: scancode: 0x68, sym: 0x10f (kpenter), unicode: 0x0d, modifier: 0x0
2025-04-06 08:50:04.065 T:1183    debug <general>: Keyboard: scancode: 0x68, sym: 0x10f (kpenter), unicode: 0x00, modifier: 0x0
2025-04-06 08:50:04.065 T:1183    debug <general>: HandleKey: enter (0xf065) pressed, window 12005, action is OSD
2025-04-06 08:50:04.065 T:1183    debug <general>: ------ Window Init (VideoOSD.xml) ------
2025-04-06 08:50:04.065 T:1183     info <general>: Loading skin file: VideoOSD.xml, load type: KEEP_IN_MEMORY
2025-04-06 08:50:04.089 T:1183    debug <general>: ------ Window Init (DialogSeekBar.xml) ------
2025-04-06 08:50:04.093 T:1183    debug <general>: ------ Window Init (Custom_1109_TopBarOverlay.xml) ------
2025-04-06 08:50:04.402 T:1218    error <general>: EXCEPTION: Unknown addon id 'pvr.iptvsimple'.
2025-04-06 08:50:04.740 T:1682    debug <general>: CurlFile::Open - <http://127.0.0.1:8095/https://linear-a-bla.epyc.optusvideo.tv/v8/OSG11/dash-plain/segment__720p25avc_454138905.mp4>
2025-04-06 08:50:04.742 T:5650    debug <general>: script.module.slyguy - REQUEST IN: https://linear-a-bla.epyc.optusvideo.tv/v8/OSG11/dash-plain/segment__720p25avc_454138905.mp4 (GET)
2025-04-06 08:50:04.742 T:5650    debug <general>: script.module.slyguy - REQUEST OUT: https://linear-a-bla.epyc.optusvideo.tv/v8/OSG11/dash-plain/segment__720p25avc_454138905.mp4 (GET)
2025-04-06 08:50:04.749 T:5650    debug <general>: script.module.slyguy - REQUEST TIME: 0.006981611251831055
2025-04-06 08:50:04.749 T:5650    debug <general>: script.module.slyguy - RESPONSE IN: https://linear-a-bla.epyc.optusvideo.tv/v8/OSG11/dash-plain/segment__720p25avc_454138905.mp4 (200)
2025-04-06 08:50:04.749 T:5650    debug <general>: script.module.slyguy - RESPONSE OUT: https://linear-a-bla.epyc.optusvideo.tv/v8/OSG11/dash-plain/segment__720p25avc_454138905.mp4 (200)
2025-04-06 08:50:04.770 T:1687    debug <general>: CurlFile::Open - <http://127.0.0.1:8095/https://linear-a-bla.epyc.optusvideo.tv/v8/OSG11/dash-plain/segment__audio_454138905.mp4>
2025-04-06 08:50:04.771 T:5653    debug <general>: script.module.slyguy - REQUEST IN: https://linear-a-bla.epyc.optusvideo.tv/v8/OSG11/dash-plain/segment__audio_454138905.mp4 (GET)
2025-04-06 08:50:04.771 T:5653    debug <general>: script.module.slyguy - REQUEST OUT: https://linear-a-bla.epyc.optusvideo.tv/v8/OSG11/dash-plain/segment__audio_454138905.mp4 (GET)
2025-04-06 08:50:04.795 T:5653    debug <general>: script.module.slyguy - REQUEST TIME: 0.023923635482788086
2025-04-06 08:50:04.795 T:5653    debug <general>: script.module.slyguy - RESPONSE IN: https://linear-a-bla.epyc.optusvideo.tv/v8/OSG11/dash-plain/segment__audio_454138905.mp4 (200)
2025-04-06 08:50:04.795 T:5653    debug <general>: script.module.slyguy - RESPONSE OUT: https://linear-a-bla.epyc.optusvideo.tv/v8/OSG11/dash-plain/segment__audio_454138905.mp4 (200)
2025-04-06 08:50:04.800 T:1687    debug <general>: AddOnLog: inputstream.adaptive: [AS-1] Download finished: http://127.0.0.1:8095/https://linear-a-bla.epyc.optusvideo.tv/v8/OSG11/dash-plain/segment__audio_454138905.mp4 (downloaded 64703 byte, speed 2177379.00 byte/s)
2025-04-06 08:50:04.920 T:1682    debug <general>: AddOnLog: inputstream.adaptive: [AS-0] Download finished: http://127.0.0.1:8095/https://linear-a-bla.epyc.optusvideo.tv/v8/OSG11/dash-plain/segment__720p25avc_454138905.mp4 (downloaded 2331160 byte, speed 12975542.00 byte/s)
2025-04-06 08:50:05.007 T:1678    debug <general>: CurlFile::Open - <http://127.0.0.1:8095/https://linear-a-bla.epyc.optusvideo.tv/v8/OSG11/dash-plain/dash.mpd>
2025-04-06 08:50:05.009 T:5667    debug <general>: script.module.slyguy - REQUEST IN: https://linear-a-bla.epyc.optusvideo.tv/v8/OSG11/dash-plain/dash.mpd (GET)
2025-04-06 08:50:05.010 T:5667    debug <general>: script.module.slyguy - REQUEST OUT: https://linear-a-bla.epyc.optusvideo.tv/v8/OSG11/dash-plain/dash.mpd (GET)
2025-04-06 08:50:05.018 T:5667    debug <general>: script.module.slyguy - REQUEST TIME: 0.007898807525634766
2025-04-06 08:50:05.018 T:5667    debug <general>: script.module.slyguy - RESPONSE IN: https://linear-a-bla.epyc.optusvideo.tv/v8/OSG11/dash-plain/dash.mpd (200)
2025-04-06 08:50:05.018 T:5667    debug <general>: script.module.slyguy - MIDDLEWARE: plugin
2025-04-06 08:50:05.019 T:5667    debug <general>: CScriptRunner: running add-on script Optus Sport('plugin://plugin.video.optus.sport/', '15', '?_=mpd_request&_path=special%3A%2F%2Ftemp%2Fproxy.middleware&url=https%3A%2F%2Flinear-a-bla.epyc.optusvideo.tv%2Fv8%2FOSG11%2Fdash-plain%2Fdash.mpd')
2025-04-06 08:50:05.019 T:5667    debug <general>: GetLanguageInvoker - Reusing LanguageInvokerThread 32 for script /storage/.kodi/addons/plugin.video.optus.sport/default.py
2025-04-06 08:50:05.020 T:1670    debug <general>: initializing python engine.
2025-04-06 08:50:05.020 T:1670    debug <general>: CPythonInvoker(32, /storage/.kodi/addons/plugin.video.optus.sport/default.py): start processing
2025-04-06 08:50:05.020 T:1670    debug <general>: CPythonInvoker(32): adding args:
2025-04-06 08:50:05.020 T:1670    debug <general>: CPythonInvoker(32):  plugin://plugin.video.optus.sport/
2025-04-06 08:50:05.020 T:1670    debug <general>: CPythonInvoker(32):  15
2025-04-06 08:50:05.020 T:1670    debug <general>: CPythonInvoker(32):  ?_=mpd_request&_path=special%3A%2F%2Ftemp%2Fproxy.middleware&url=https%3A%2F%2Flinear-a-bla.epyc.optusvideo.tv%2Fv8%2FOSG11%2Fdash-plain%2Fdash.mpd
2025-04-06 08:50:05.020 T:1670    debug <general>: CPythonInvoker(32):  resume:false
2025-04-06 08:50:05.020 T:1670    debug <general>: CPythonInvoker(32, /storage/.kodi/addons/plugin.video.optus.sport/default.py): entering source directory /storage/.kodi/addons/plugin.video.optus.sport
2025-04-06 08:50:05.020 T:1670    debug <general>: CPythonInvoker(32, /storage/.kodi/addons/plugin.video.optus.sport/default.py): instantiating addon using automatically obtained id of "plugin.video.optus.sport" dependent on version 0.0.0 of the xbmc.python api
2025-04-06 08:50:05.020 T:1670    debug <general>: plugin.video.optus.sport - SIGNAL: before_dispatch
2025-04-06 08:50:05.026 T:1670    debug <general>: plugin.video.optus.sport - Router Parsed: 'plugin://plugin.video.optus.sport/?_=mpd_request&_path=special%3A%2F%2Ftemp%2Fproxy.middleware&url=https%3A%2F%2Flinear-a-bla.epyc.optusvideo.tv%2Fv8%2FOSG11%2Fdash-plain%2Fdash.mpd' => mpd_request {'_path': 'special://temp/proxy.middleware', 'url': 'https://linear-a-bla.epyc.optusvideo.tv/v8/OSG11/dash-plain/dash.mpd', '_url': 'plugin://plugin.video.optus.sport/?_=mpd_request&_path=special%3A%2F%2Ftemp%2Fproxy.middleware&url=https%3A%2F%2Flinear-a-bla.epyc.optusvideo.tv%2Fv8%2FOSG11%2Fdash-plain%2Fdash.mpd'}
2025-04-06 08:50:05.028 T:1670    debug <general>: plugin.video.optus.sport - SIGNAL: after_dispatch
2025-04-06 08:50:05.028 T:1670    debug <general>: plugin.video.optus.sport - SIGNAL: on_close
2025-04-06 08:50:05.029 T:1670    debug <general>: CPythonInvoker(32, /storage/.kodi/addons/plugin.video.optus.sport/default.py): script successfully run
2025-04-06 08:50:05.029 T:5667    debug <general>: script.module.slyguy - RESPONSE OUT: https://linear-a-bla.epyc.optusvideo.tv/v8/OSG11/dash-plain/dash.mpd (200)
2025-04-06 08:50:05.030 T:1678    debug <general>: AddOnLog: inputstream.adaptive: Download finished: http://127.0.0.1:8095/https://linear-a-bla.epyc.optusvideo.tv/v8/OSG11/dash-plain/dash.mpd (downloaded 12943 byte, speed 583701.00 byte/s)
2025-04-06 08:50:05.030 T:1678    debug <general>: AddOnLog: inputstream.adaptive: Parsing Playready header version 4.0.0.0
2025-04-06 08:50:05.031 T:1678     info <general>: Skipped 3 duplicate messages..
2025-04-06 08:50:05.031 T:1678    debug <general>: AddOnLog: inputstream.adaptive: OnUpdateSegments: MPD update - Done (repr. id "_720p25avc", period id "1743893099520")
2025-04-06 08:50:05.031 T:1678    debug <general>: AddOnLog: inputstream.adaptive: OnUpdateSegments: MPD update - Done (repr. id "_audio", period id "1743893099520")
2025-04-06 08:50:05.405 T:1218    error <general>: EXCEPTION: Unknown addon id 'pvr.iptvsimple'.
2025-04-06 08:50:05.567 T:1183    debug <general>: Keyboard: scancode: 0x72, sym: 0x113 (right), unicode: 0x00, modifier: 0x0
2025-04-06 08:50:05.568 T:1183    debug <general>: HandleKey: right (0xf083) pressed, window 12901, action is Right
2025-04-06 08:50:05.807 T:1183    debug <general>: Keyboard: scancode: 0x72, sym: 0x113 (right), unicode: 0x00, modifier: 0x0
2025-04-06 08:50:06.288 T:1183    debug <general>: Keyboard: scancode: 0x68, sym: 0x10f (kpenter), unicode: 0x0d, modifier: 0x0
2025-04-06 08:50:06.406 T:1218    error <general>: EXCEPTION: Unknown addon id 'pvr.iptvsimple'.
2025-04-06 08:50:06.527 T:1183    debug <general>: Keyboard: scancode: 0x68, sym: 0x10f (kpenter), unicode: 0x00, modifier: 0x0
2025-04-06 08:50:06.528 T:1183    debug <general>: HandleKey: enter (0xf065) pressed, window 12901, action is Select
2025-04-06 08:50:06.528 T:1183     info <general>: CVideoPlayer::CloseFile()
2025-04-06 08:50:06.528 T:1183    debug <general>: DeleteRenderer - deleting renderer
2025-04-06 08:50:06.528 T:1183    debug <general>: LinuxRendererGL: Cleaning up GL resources
2025-04-06 08:50:06.528 T:1183     info <general>: VideoPlayer: waiting for threads to exit
2025-04-06 08:50:06.535 T:1675     info <general>: CVideoPlayer::OnExit()
2025-04-06 08:50:06.535 T:1675    debug <general>: CVideoPlayer: updating file item stream details with available streams
2025-04-06 08:50:06.535 T:1675     info <general>: Closing stream player 1
2025-04-06 08:50:06.535 T:1675    debug <general>: AddOnLog: inputstream.adaptive: EnableStream(2002: false)
2025-04-06 08:50:06.536 T:1675     info <general>: Waiting for audio thread to exit
2025-04-06 08:50:06.564 T:1690     info <general>: thread end: CVideoPlayerAudio::OnExit()
2025-04-06 08:50:06.564 T:1690    debug <general>: Thread VideoPlayerAudio 140002337990336 terminating
2025-04-06 08:50:06.564 T:1675     info <general>: Closing audio device
2025-04-06 08:50:06.614 T:1675    debug <general>: CDVDAudio::Flush - flush audio stream
2025-04-06 08:50:06.614 T:1193    debug <general>: CActiveAE::DiscardStream - audio stream deleted
2025-04-06 08:50:06.614 T:1193    debug <general>: CActiveAE::ClearDiscardedBuffers - buffer pool deleted
2025-04-06 08:50:06.615 T:1675     info <general>: Skipped 2 duplicate messages..
2025-04-06 08:50:06.615 T:1675     info <general>: Deleting audio codec
2025-04-06 08:50:06.615 T:1194     info <general>: CActiveAESink::OpenSink - initialize sink
2025-04-06 08:50:06.615 T:1675     info <general>: Closing stream player 2
2025-04-06 08:50:06.615 T:1675    debug <general>: AddOnLog: inputstream.adaptive: EnableStream(2001: false)
2025-04-06 08:50:06.615 T:1675     info <general>: waiting for video thread to exit
2025-04-06 08:50:06.627 T:1686  warning <general>: OutputPicture - timeout waiting for buffer
2025-04-06 08:50:06.627 T:1686     info <general>: thread end: video_thread
2025-04-06 08:50:06.627 T:1686    debug <general>: Thread VideoPlayerVideo 140002354775744 terminating
2025-04-06 08:50:06.628 T:1675     info <general>: deleting video codec
2025-04-06 08:50:06.628 T:1675    debug <general>: VAAPI::Release pre-cleanup
2025-04-06 08:50:06.629 T:1675     info <general>: VAAPI::Close
2025-04-06 08:50:06.629 T:1698     info <general>: COutput::OnExit: Output Thread terminated
2025-04-06 08:50:06.629 T:1698    debug <general>: Thread Vaapi-Output 140002321204928 terminating
2025-04-06 08:50:06.629 T:1675    debug <general>: VAAPI::FiniVAAPIOutput destroying 1 video surfaces
2025-04-06 08:50:06.629 T:1675     info <general>: VAAPI::Close - closing decoder context
